{"id":210699,"date":"2024-10-02T16:07:31","date_gmt":"2024-10-02T21:07:31","guid":{"rendered":"https:\/\/www.ucm.edu.co\/sii\/?page_id=210699"},"modified":"2024-10-02T16:07:32","modified_gmt":"2024-10-02T21:07:32","slug":"comision-central-del-i-ps","status":"publish","type":"page","link":"https:\/\/www.ucm.edu.co\/sii\/comision-central-del-i-ps\/","title":{"rendered":"Comisi\u00f3n Central del I + PS"},"content":{"rendered":"\n<p>Organismo asesor encargado de apoyar la gesti\u00f3n del Centro de Investigaci\u00f3n, Proyecci\u00f3n y Desarrollo en cuanto al estudio, an\u00e1lisis, discusi\u00f3n y formulaci\u00f3n de pol\u00edticas y planes para el desarrollo de la investigaci\u00f3n y la proyecci\u00f3n social en la UCM. Esta comisi\u00f3n funcionar\u00e1 mensualmente.<\/p>\n\n\n\n<h2 class=\"wp-block-heading\">Funciones<\/h2>\n\n\n\n<p>a. Formulaci\u00f3n, revisi\u00f3n y evaluaci\u00f3n de pol\u00edticas y planes en investigaci\u00f3n y proyecci\u00f3n social para promover su mejoramiento continuo.<br>b. Estudio y seguimiento de propuestas y proyectos de investigaci\u00f3n y proyecci\u00f3n social de las facultades, centros e institutos<br>c. Formulaci\u00f3n de propuestas para la gesti\u00f3n integral de la investigaci\u00f3n y la proyecci\u00f3n social en la UCM.<\/p>\n\n\n\n<h2 class=\"wp-block-heading\">Composici\u00f3n<\/h2>\n\n\n\n<p>\u2022 Direcci\u00f3n Centro de Investigaci\u00f3n, Proyecci\u00f3n y Desarrollo, quien convoca y preside.<br>\u2022 Coordinaci\u00f3n Unidad de Proyecci\u00f3n Social.<br>\u2022 Coordinaciones de Investigaci\u00f3n y Proyecci\u00f3n Social de las facultades y el CIEDU.<br>\u2022 Coordinaci\u00f3n de Investigaci\u00f3n en Postgrados.<\/p>\n\n\n\n<p>De acuerdo con las especificaciones de las sesiones de la comisi\u00f3n se podr\u00e1n invitar:<br>representantes de organismos de direcci\u00f3n y asesor\u00eda institucionales, coordinadores de pr\u00e1ctica, representantes de los centros de servicios y expertos externos.<\/p>\n\n\n\n<p>Organismo asesor encargado de promover y fomentar la cualificaci\u00f3n de la investigaci\u00f3n en los postgrados y establecer las condiciones acad\u00e9micas y administrativas para la generaci\u00f3n de nuevos programas de formaci\u00f3n avanzada, producto de la consolidaci\u00f3n de la investigaci\u00f3n en los campos de tradici\u00f3n institucional y en nuevos campos del saber.<\/p>\n\n\n\n<h2 class=\"wp-block-heading\">Funciones<\/h2>\n\n\n\n<p>a. Proponer el desarrollo de investigaciones exploratorias, concluyentes, juicios de expertos y estudios t\u00e9cnicos que faciliten la toma de decisiones para la estructuraci\u00f3n de una nueva oferta acad\u00e9mica en programas de maestr\u00eda y doctorado, que partan de las fortalezas acad\u00e9micas de cada uno de los programas de pregrado y de especializaci\u00f3n, y de centros e institutos.<br>b. Apoyar el desarrollo de la investigaci\u00f3n en perspectiva de la formaci\u00f3n de postgrado.<br>c. Promover la formaci\u00f3n en investigaci\u00f3n en los postgrados para potenciar el desarrollo de los grupos y l\u00edneas de investigaci\u00f3n.<br>d. Orientar el desarrollo de trabajos de investigaci\u00f3n de especializaci\u00f3n, maestr\u00eda y tesis doctorales apoyados por los grupos de investigaci\u00f3n institucionales.<br>e. Promover la evaluaci\u00f3n externa de la producci\u00f3n investigativa.<\/p>\n\n\n\n<h2 class=\"wp-block-heading\">Composici\u00f3n<\/h2>\n\n\n\n<p>\u2022 Vicerrector\u00eda Acad\u00e9mica, quien convoca y preside.<br>\u2022 Direcci\u00f3n Centro de Investigaci\u00f3n, Proyecci\u00f3n y Desarrollo.<br>\u2022 Coordinaci\u00f3n de Investigaci\u00f3n en Postgrados.<br>\u2022 Decanos de Facultad.<br>\u2022 Representante de Directores de programas de formaci\u00f3n avanzada.<br>\u2022 Direcci\u00f3n de CIEDU.<\/p>\n\n\n\n<p>La Secretar\u00eda T\u00e9cnica la realiza la coordinaci\u00f3n de investigaci\u00f3n en postgrados.<\/p>\n","protected":false},"excerpt":{"rendered":"<p>Organismo asesor encargado de apoyar la gesti\u00f3n del Centro de Investigaci\u00f3n, Proyecci\u00f3n y Desarrollo en cuanto al estudio, an\u00e1lisis, discusi\u00f3n y formulaci\u00f3n de pol\u00edticas y planes para el desarrollo de [&hellip;]<\/p>\n","protected":false},"author":2,"featured_media":0,"parent":0,"menu_order":5,"comment_status":"closed","ping_status":"closed","template":"","meta":{"_et_pb_use_builder":"off","_et_pb_old_content":"","_et_gb_content_width":"","footnotes":""},"class_list":["post-210699","page","type-page","status-publish","hentry"],"_links":{"self":[{"href":"https:\/\/www.ucm.edu.co\/sii\/wp-json\/wp\/v2\/pages\/210699","targetHints":{"allow":["GET"]}}],"collection":[{"href":"https:\/\/www.ucm.edu.co\/sii\/wp-json\/wp\/v2\/pages"}],"about":[{"href":"https:\/\/www.ucm.edu.co\/sii\/wp-json\/wp\/v2\/types\/page"}],"author":[{"embeddable":true,"href":"https:\/\/www.ucm.edu.co\/sii\/wp-json\/wp\/v2\/users\/2"}],"replies":[{"embeddable":true,"href":"https:\/\/www.ucm.edu.co\/sii\/wp-json\/wp\/v2\/comments?post=210699"}],"version-history":[{"count":1,"href":"https:\/\/www.ucm.edu.co\/sii\/wp-json\/wp\/v2\/pages\/210699\/revisions"}],"predecessor-version":[{"id":210700,"href":"https:\/\/www.ucm.edu.co\/sii\/wp-json\/wp\/v2\/pages\/210699\/revisions\/210700"}],"wp:attachment":[{"href":"https:\/\/www.ucm.edu.co\/sii\/wp-json\/wp\/v2\/media?parent=210699"}],"curies":[{"name":"wp","href":"https:\/\/api.w.org\/{rel}","templated":true}]}}

Comisión Central del I + PS

<p>Organismo asesor encargado de apoyar la gestión del Centro de Investigación, Proyección y Desarrollo en cuanto al estudio, análisis, discusión y formulación de políticas y planes para el desarrollo de la investigación y la proyección social en la UCM. Esta comisión funcionará mensualmente.</p>



<h2 class="wp-block-heading">Funciones</h2>



<p>a. Formulación, revisión y evaluación de políticas y planes en investigación y proyección social para promover su mejoramiento continuo.<br>b. Estudio y seguimiento de propuestas y proyectos de investigación y proyección social de las facultades, centros e institutos<br>c. Formulación de propuestas para la gestión integral de la investigación y la proyección social en la UCM.</p>



<h2 class="wp-block-heading">Composición</h2>



<p>• Dirección Centro de Investigación, Proyección y Desarrollo, quien convoca y preside.<br>• Coordinación Unidad de Proyección Social.<br>• Coordinaciones de Investigación y Proyección Social de las facultades y el CIEDU.<br>• Coordinación de Investigación en Postgrados.</p>



<p>De acuerdo con las especificaciones de las sesiones de la comisión se podrán invitar:<br>representantes de organismos de dirección y asesoría institucionales, coordinadores de práctica, representantes de los centros de servicios y expertos externos.</p>



<p>Organismo asesor encargado de promover y fomentar la cualificación de la investigación en los postgrados y establecer las condiciones académicas y administrativas para la generación de nuevos programas de formación avanzada, producto de la consolidación de la investigación en los campos de tradición institucional y en nuevos campos del saber.</p>



<h2 class="wp-block-heading">Funciones</h2>



<p>a. Proponer el desarrollo de investigaciones exploratorias, concluyentes, juicios de expertos y estudios técnicos que faciliten la toma de decisiones para la estructuración de una nueva oferta académica en programas de maestría y doctorado, que partan de las fortalezas académicas de cada uno de los programas de pregrado y de especialización, y de centros e institutos.<br>b. Apoyar el desarrollo de la investigación en perspectiva de la formación de postgrado.<br>c. Promover la formación en investigación en los postgrados para potenciar el desarrollo de los grupos y líneas de investigación.<br>d. Orientar el desarrollo de trabajos de investigación de especialización, maestría y tesis doctorales apoyados por los grupos de investigación institucionales.<br>e. Promover la evaluación externa de la producción investigativa.</p>



<h2 class="wp-block-heading">Composición</h2>



<p>• Vicerrectoría Académica, quien convoca y preside.<br>• Dirección Centro de Investigación, Proyección y Desarrollo.<br>• Coordinación de Investigación en Postgrados.<br>• Decanos de Facultad.<br>• Representante de Directores de programas de formación avanzada.<br>• Dirección de CIEDU.</p>



<p>La Secretaría Técnica la realiza la coordinación de investigación en postgrados.</p>

<p>Organismo asesor encargado de apoyar la gestión del Centro de Investigación, Proyección y Desarrollo en cuanto al estudio, análisis, discusión y formulación de políticas y planes para el desarrollo de [&hellip;]</p>
