{"id":210689,"date":"2024-10-02T15:43:34","date_gmt":"2024-10-02T20:43:34","guid":{"rendered":"https:\/\/www.ucm.edu.co\/sii\/?page_id=210689"},"modified":"2024-10-02T16:06:07","modified_gmt":"2024-10-02T21:06:07","slug":"centro-institucional-de-investigacion-proyeccion-y-desarrollo","status":"publish","type":"page","link":"https:\/\/www.ucm.edu.co\/sii\/centro-institucional-de-investigacion-proyeccion-y-desarrollo\/","title":{"rendered":"Centro Institucional de Investigaci\u00f3n, Proyecci\u00f3n y Desarrollo"},"content":{"rendered":"\n<p>Organismo de Direcci\u00f3n Acad\u00e9mica y Administrativa adscrita en l\u00ednea de autoridad y relaci\u00f3n funcional a la Vicerrector\u00eda Acad\u00e9mica, orienta la gesti\u00f3n y administraci\u00f3n de los procesos investigativos, de proyecci\u00f3n social y desarrollo, como fundamentos institucionales para alcanzar la excelencia acad\u00e9mica, la interdisciplinariedad, la integraci\u00f3n institucional y la capacidad de respuesta eficaz a las necesidades cient\u00edficas, tecnol\u00f3gicas y sociales; y a las demandas propias de las disciplinas y las ciencias. Integra los programas acad\u00e9micos, los grupos de investigaci\u00f3n, los institutos y los centros institucionales hacia la promoci\u00f3n, generaci\u00f3n, transformaci\u00f3n y difusi\u00f3n del conocimiento para la sociedad y la academia.<\/p>\n\n\n\n<h2 class=\"wp-block-heading\">\u00a0Investigaci\u00f3n en la UCM\u00a0<\/h2>\n\n\n\n<p>La Universidad Cat\u00f3lica de Manizales direcciona la investigaci\u00f3n como funci\u00f3n sustantiva de su actividad acad\u00e9mica hacia la producci\u00f3n y aplicaci\u00f3n del conocimiento; promueve, con criterios de calidad y pertinencia, la formaci\u00f3n en investigaci\u00f3n en el desarrollo de curr\u00edculos abiertos e investigativos y el desarrollo del pensamiento cr\u00edtico y reflexivo; as\u00ed mismo promueve el desarrollo de la investigaci\u00f3n en sentido estricto con criterios de interdisciplinariedad, integraci\u00f3n institucional y capacidad de dar respuesta eficaz a las necesidades de la sociedad y a las demandas de las disciplinas y las ciencias<\/p>\n\n\n\n<p>La din\u00e1mica de la investigaci\u00f3n en la UCM se fundamenta desde la interacci\u00f3n de los grupos de investigaci\u00f3n en los procesos curriculares, mediante la construcci\u00f3n y discusi\u00f3n permanente de l\u00edneas de investigaci\u00f3n, el acompa\u00f1amiento a procesos de formaci\u00f3n en investigaci\u00f3n en los semilleros y con la gesti\u00f3n integral de proyectos de investigaci\u00f3n.<\/p>\n\n\n\n<h2 class=\"wp-block-heading\">Acuerdos<\/h2>\n\n\n\n<p>\u2013&nbsp;<a href=\"https:\/\/www.ucm.edu.co\/wp-content\/uploads\/docs\/investigaciones\/acuerdo02_propiedadintelectual.pdf\" target=\"_blank\" rel=\"noreferrer noopener\">Acuerdo 002<\/a>&nbsp;\u2013 Propiedad Intelectual<\/p>\n\n\n\n<p>\u2013&nbsp;<a href=\"https:\/\/www.ucm.edu.co\/wp-content\/uploads\/docs\/investigaciones\/acuerdo04_comite_editorial.pdf\" target=\"_blank\" rel=\"noreferrer noopener\">Acuerdo 004<\/a>&nbsp;\/&nbsp;<a href=\"https:\/\/www.ucm.edu.co\/wp-content\/uploads\/docs\/investigaciones\/acuerdo015_comite_editorial.pdf\" target=\"_blank\" rel=\"noreferrer noopener\">Acuerdo 015<\/a>&nbsp;\u2013 Comit\u00e9 Editorial<\/p>\n\n\n\n<p>\u2013&nbsp;<a href=\"https:\/\/www.ucm.edu.co\/wp-content\/uploads\/docs\/investigaciones\/acuerdo05_sistema_institucional_investigaciones.pdf\" target=\"_blank\" rel=\"noreferrer noopener\">Acuerdo 005<\/a>&nbsp;\u2013 Actualizaci\u00f3n al Sistema Institucional de Investigaciones<\/p>\n\n\n\n<p>\u2013&nbsp;<a href=\"https:\/\/www.ucm.edu.co\/wp-content\/uploads\/docs\/investigaciones\/acuerdo05_comite_invypys.pdf\" target=\"_blank\" rel=\"noreferrer noopener\">Acuerdo 005<\/a>&nbsp;\u2013 Comit\u00e9 Central de Investigaci\u00f3n y Proyecci\u00f3n Social<\/p>\n\n\n\n<p>\u2013&nbsp;<a href=\"https:\/\/www.ucm.edu.co\/wp-content\/uploads\/docs\/investigaciones\/acuerdo08_comite_etico.pdf\" target=\"_blank\" rel=\"noreferrer noopener\">Acuerdo 008<\/a>&nbsp;\u2013 Comit\u00e9 \u00c9tico de Investigaciones<\/p>\n\n\n\n<p>\u2013&nbsp;<a href=\"https:\/\/www.ucm.edu.co\/wp-content\/uploads\/docs\/investigaciones\/acuerdo09_comite_pys.pdf\" target=\"_blank\" rel=\"noreferrer noopener\">Acuerdo 009<\/a>&nbsp;\u2013 Comit\u00e9 Proyecci\u00f3n Social<\/p>\n\n\n\n<p>\u2013&nbsp;<a href=\"https:\/\/www.ucm.edu.co\/wp-content\/uploads\/docs\/investigaciones\/acuerdo010b_modificacion.pdf\" target=\"_blank\" rel=\"noreferrer noopener\">Acuerdo 010<\/a>&nbsp;\u2013 Modificaci\u00f3n de la Normativa de Investigaciones<\/p>\n\n\n\n<p>\u2013&nbsp;<a href=\"https:\/\/www.ucm.edu.co\/wp-content\/uploads\/docs\/investigaciones\/acuerdo011_adopcion.pdf\" target=\"_blank\" rel=\"noreferrer noopener\">Acuerdo 011<\/a>&nbsp;\u2013 Normativa de Pr\u00e1cticas<\/p>\n\n\n\n<p><\/p>\n\n\n\n<h2 class=\"wp-block-heading\">Responsables<\/h2>\n\n\n\n<p><strong>Gloria Maria Restreop Franco<\/strong><\/p>\n\n\n\n<p>Directora Centro Institucional de Investigaci\u00f3n, Proyecci\u00f3n y Desarrollo<\/p>\n\n\n\n<p>Telefono: 893 3050\/3005-3003<\/p>\n","protected":false},"excerpt":{"rendered":"<p>Organismo de Direcci\u00f3n Acad\u00e9mica y Administrativa adscrita en l\u00ednea de autoridad y relaci\u00f3n funcional a la Vicerrector\u00eda Acad\u00e9mica, orienta la gesti\u00f3n y administraci\u00f3n de los procesos investigativos, de proyecci\u00f3n social [&hellip;]<\/p>\n","protected":false},"author":2,"featured_media":0,"parent":0,"menu_order":6,"comment_status":"closed","ping_status":"closed","template":"","meta":{"_et_pb_use_builder":"off","_et_pb_old_content":"","_et_gb_content_width":"","footnotes":""},"class_list":["post-210689","page","type-page","status-publish","hentry"],"_links":{"self":[{"href":"https:\/\/www.ucm.edu.co\/sii\/wp-json\/wp\/v2\/pages\/210689","targetHints":{"allow":["GET"]}}],"collection":[{"href":"https:\/\/www.ucm.edu.co\/sii\/wp-json\/wp\/v2\/pages"}],"about":[{"href":"https:\/\/www.ucm.edu.co\/sii\/wp-json\/wp\/v2\/types\/page"}],"author":[{"embeddable":true,"href":"https:\/\/www.ucm.edu.co\/sii\/wp-json\/wp\/v2\/users\/2"}],"replies":[{"embeddable":true,"href":"https:\/\/www.ucm.edu.co\/sii\/wp-json\/wp\/v2\/comments?post=210689"}],"version-history":[{"count":3,"href":"https:\/\/www.ucm.edu.co\/sii\/wp-json\/wp\/v2\/pages\/210689\/revisions"}],"predecessor-version":[{"id":210698,"href":"https:\/\/www.ucm.edu.co\/sii\/wp-json\/wp\/v2\/pages\/210689\/revisions\/210698"}],"wp:attachment":[{"href":"https:\/\/www.ucm.edu.co\/sii\/wp-json\/wp\/v2\/media?parent=210689"}],"curies":[{"name":"wp","href":"https:\/\/api.w.org\/{rel}","templated":true}]}}

Centro Institucional de Investigación, Proyección y Desarrollo

<p>Organismo de Dirección Académica y Administrativa adscrita en línea de autoridad y relación funcional a la Vicerrectoría Académica, orienta la gestión y administración de los procesos investigativos, de proyección social y desarrollo, como fundamentos institucionales para alcanzar la excelencia académica, la interdisciplinariedad, la integración institucional y la capacidad de respuesta eficaz a las necesidades científicas, tecnológicas y sociales; y a las demandas propias de las disciplinas y las ciencias. Integra los programas académicos, los grupos de investigación, los institutos y los centros institucionales hacia la promoción, generación, transformación y difusión del conocimiento para la sociedad y la academia.</p>



<h2 class="wp-block-heading"> Investigación en la UCM </h2>



<p>La Universidad Católica de Manizales direcciona la investigación como función sustantiva de su actividad académica hacia la producción y aplicación del conocimiento; promueve, con criterios de calidad y pertinencia, la formación en investigación en el desarrollo de currículos abiertos e investigativos y el desarrollo del pensamiento crítico y reflexivo; así mismo promueve el desarrollo de la investigación en sentido estricto con criterios de interdisciplinariedad, integración institucional y capacidad de dar respuesta eficaz a las necesidades de la sociedad y a las demandas de las disciplinas y las ciencias</p>



<p>La dinámica de la investigación en la UCM se fundamenta desde la interacción de los grupos de investigación en los procesos curriculares, mediante la construcción y discusión permanente de líneas de investigación, el acompañamiento a procesos de formación en investigación en los semilleros y con la gestión integral de proyectos de investigación.</p>



<h2 class="wp-block-heading">Acuerdos</h2>



<p>–&nbsp;<a href="https://www.ucm.edu.co/wp-content/uploads/docs/investigaciones/acuerdo02_propiedadintelectual.pdf" target="_blank" rel="noreferrer noopener">Acuerdo 002</a>&nbsp;– Propiedad Intelectual</p>



<p>–&nbsp;<a href="https://www.ucm.edu.co/wp-content/uploads/docs/investigaciones/acuerdo04_comite_editorial.pdf" target="_blank" rel="noreferrer noopener">Acuerdo 004</a>&nbsp;/&nbsp;<a href="https://www.ucm.edu.co/wp-content/uploads/docs/investigaciones/acuerdo015_comite_editorial.pdf" target="_blank" rel="noreferrer noopener">Acuerdo 015</a>&nbsp;– Comité Editorial</p>



<p>–&nbsp;<a href="https://www.ucm.edu.co/wp-content/uploads/docs/investigaciones/acuerdo05_sistema_institucional_investigaciones.pdf" target="_blank" rel="noreferrer noopener">Acuerdo 005</a>&nbsp;– Actualización al Sistema Institucional de Investigaciones</p>



<p>–&nbsp;<a href="https://www.ucm.edu.co/wp-content/uploads/docs/investigaciones/acuerdo05_comite_invypys.pdf" target="_blank" rel="noreferrer noopener">Acuerdo 005</a>&nbsp;– Comité Central de Investigación y Proyección Social</p>



<p>–&nbsp;<a href="https://www.ucm.edu.co/wp-content/uploads/docs/investigaciones/acuerdo08_comite_etico.pdf" target="_blank" rel="noreferrer noopener">Acuerdo 008</a>&nbsp;– Comité Ético de Investigaciones</p>



<p>–&nbsp;<a href="https://www.ucm.edu.co/wp-content/uploads/docs/investigaciones/acuerdo09_comite_pys.pdf" target="_blank" rel="noreferrer noopener">Acuerdo 009</a>&nbsp;– Comité Proyección Social</p>



<p>–&nbsp;<a href="https://www.ucm.edu.co/wp-content/uploads/docs/investigaciones/acuerdo010b_modificacion.pdf" target="_blank" rel="noreferrer noopener">Acuerdo 010</a>&nbsp;– Modificación de la Normativa de Investigaciones</p>



<p>–&nbsp;<a href="https://www.ucm.edu.co/wp-content/uploads/docs/investigaciones/acuerdo011_adopcion.pdf" target="_blank" rel="noreferrer noopener">Acuerdo 011</a>&nbsp;– Normativa de Prácticas</p>



<p></p>



<h2 class="wp-block-heading">Responsables</h2>



<p><strong>Gloria Maria Restreop Franco</strong></p>



<p>Directora Centro Institucional de Investigación, Proyección y Desarrollo</p>



<p>Telefono: 893 3050/3005-3003</p>

<p>Organismo de Dirección Académica y Administrativa adscrita en línea de autoridad y relación funcional a la Vicerrectoría Académica, orienta la gestión y administración de los procesos investigativos, de proyección social [&hellip;]</p>
