{"id":374,"date":"2026-03-12T02:30:52","date_gmt":"2026-03-12T07:30:52","guid":{"rendered":"https:\/\/www.ucm.edu.co\/pdi\/?page_id=374"},"modified":"2026-03-20T17:59:10","modified_gmt":"2026-03-20T22:59:10","slug":"modelo-de-transformacion-estrategica-adaptativa-mtea","status":"publish","type":"page","link":"https:\/\/www.ucm.edu.co\/pdi\/modelo-de-transformacion-estrategica-adaptativa-mtea\/","title":{"rendered":"Modelo de Transformaci\u00f3n Estrat\u00e9gica Adaptativa (MTEA)"},"content":{"rendered":"\t\t<div data-elementor-type=\"wp-page\" data-elementor-id=\"374\" class=\"elementor elementor-374\" data-elementor-post-type=\"page\">\n\t\t\t\t<div class=\"elementor-element elementor-element-3a62c01 e-flex e-con-boxed e-con e-parent\" data-id=\"3a62c01\" data-element_type=\"container\" data-e-type=\"container\" data-settings=\"{&quot;background_background&quot;:&quot;classic&quot;}\">\n\t\t\t\t\t<div class=\"e-con-inner\">\n\t\t\t\t<div class=\"elementor-element elementor-element-8aa6646 elementor-widget__width-initial elementor-widget elementor-widget-heading\" data-id=\"8aa6646\" data-element_type=\"widget\" data-e-type=\"widget\" data-widget_type=\"heading.default\">\n\t\t\t\t\t<h1 class=\"elementor-heading-title elementor-size-default\">Modelo de Transformaci\u00f3n Estrat\u00e9gica Adaptativa (MTEA)<\/h1>\t\t\t\t<\/div>\n\t\t\t\t<div class=\"elementor-element elementor-element-71a8d42 elementor-widget elementor-widget-heading\" data-id=\"71a8d42\" data-element_type=\"widget\" data-e-type=\"widget\" data-widget_type=\"heading.default\">\n\t\t\t\t\t<h1 class=\"elementor-heading-title elementor-size-default\">PDI 2026-2030<\/h1>\t\t\t\t<\/div>\n\t\t\t\t\t<\/div>\n\t\t\t\t<\/div>\n\t\t<div class=\"elementor-element elementor-element-3aeb66c e-flex e-con-boxed e-con e-parent\" data-id=\"3aeb66c\" data-element_type=\"container\" data-e-type=\"container\">\n\t\t\t\t\t<div class=\"e-con-inner\">\n\t\t\t\t<div class=\"elementor-element elementor-element-81abe6a elementor-widget__width-initial elementor-widget elementor-widget-heading\" data-id=\"81abe6a\" data-element_type=\"widget\" data-e-type=\"widget\" data-widget_type=\"heading.default\">\n\t\t\t\t\t<h2 class=\"elementor-heading-title elementor-size-default\">Modelo de Transformaci\u00f3n Estrat\u00e9gica Adaptativa (MTEA) 2026\u20132030 Universidad Cat\u00f3lica de Manizales<\/h2>\t\t\t\t<\/div>\n\t\t\t\t<div class=\"elementor-element elementor-element-f0e7b16 elementor-widget elementor-widget-text-editor\" data-id=\"f0e7b16\" data-element_type=\"widget\" data-e-type=\"widget\" data-widget_type=\"text-editor.default\">\n\t\t\t\t\t\t\t\t\t<p>El Modelo de Transformaci\u00f3n Estrat\u00e9gica Adaptativa (MTEA 2026\u20132030) constituye la hoja de ruta institucional para afrontar los retos identificados en el diagn\u00f3stico estrat\u00e9gico: limitada diferenciaci\u00f3n y sostenibilidad en un entorno altamente competitivo, digital y cambiante. Su prop\u00f3sito es orientar la transformaci\u00f3n integral de la Universidad Cat\u00f3lica de Manizales, fortaleciendo su identidad congregacional, enfatizando en su perfil social y su capacidad para innovar de innovaci\u00f3n, al tiempo que garantiza la sostenibilidad y la proyecci\u00f3n global. El eje estructurante pilar central del modelo es la Identidad y el prop\u00f3sito diferencial de la UCM, expresado en el carisma congregacional, la formaci\u00f3n integral humana y el bienestar de la comunidad universitaria que se constituye en la base para diferenciar la experiencia universitaria en un entorno dominado por la estandarizaci\u00f3n y la disrupci\u00f3n tecnol\u00f3gica.<\/p><p>El Modelo de Transformaci\u00f3n Estrat\u00e9gica Adaptativa (MTEA) se despliega bajo una l\u00f3gica integrada que conecta la visi\u00f3n y misi\u00f3n institucionales con los \u00e1mbitos estrat\u00e9gicos, las condiciones habilitantes, los planes de unidad y los resultados e impactos esperados. Esta secuencia garantiza que la planeaci\u00f3n no se quede en un ejercicio declarativo, sino que se traduzca en acciones concretas y medibles.<\/p><p>El modelo funciona como un\u00a0sistema integrado de tres niveles, donde cada parte cumple una funci\u00f3n distinta pero interdependiente:<\/p><p><strong>Nivel 1. Estrategia \u2013 PDI (nivel de direcci\u00f3n corporativo-institucional):<\/strong> Este es el n\u00facleo estrat\u00e9gico del modelo. Define la\u00a0direcci\u00f3n a largo plazo, establece los objetivos institucionales y marca la visi\u00f3n a 2030, orientando el rumbo de las decisiones y determinando las grandes transformaciones.<\/p><p><strong>Nivel 2. Calibraci\u00f3n y revisi\u00f3n estrat\u00e9gica (nivel de regulaci\u00f3n y aprendizaje):<\/strong> Aqu\u00ed se ubica el\u00a0mecanismo de ajuste del modelo, a trav\u00e9s de la evaluaci\u00f3n sistem\u00e1tica y peri\u00f3dica de los resultados para la adaptaci\u00f3n continua de prioridades seg\u00fan los cambios y demandas internas y externas. Este nivel del modelo garantiza que el plan sea din\u00e1mico y adaptativo, manteniendo la estrategia vigente.<\/p><p><strong>Nivel 3. Planes de Efectividad Anuales (nivel de ejecuci\u00f3n operativa):<\/strong> Este es el\u00a0nivel de acci\u00f3n del modelo. Cada unidad acad\u00e9mica y administrativa traduce la estrategia en\u00a0acciones concretas de corto plazo (1 a\u00f1o), asegurando que la operaci\u00f3n diaria est\u00e9 alineada con el Plan de Desarrollo Institucional. Materializa la visi\u00f3n en resultados tangibles y verificables gestionados d\u00eda a d\u00eda.<\/p><p>En s\u00edntesis, el sistema de planeaci\u00f3n opera como un circuito vivo en el que el PDI marca la direcci\u00f3n, la calibraci\u00f3n ajusta y regula, y las unidades ejecutan, configurando un ciclo continuo de alineaci\u00f3n, aprendizaje y transformaci\u00f3n institucional. As\u00ed, la planeaci\u00f3n estrat\u00e9gica se convierte en un sistema c\u00edclico y adaptativo que garantiza la coherencia entre identidad, estrategia y acci\u00f3n, incorpora mecanismos permanentes de seguimiento y evaluaci\u00f3n, y orienta a la UCM hacia resultados verificables, respondiendo a los desaf\u00edos del entorno y asegurando que la Universidad Cat\u00f3lica de Manizales avanza hacia una posici\u00f3n de relevancia acad\u00e9mica y social en el contexto local, regional y global.<\/p>\t\t\t\t\t\t\t\t<\/div>\n\t\t\t\t\t<\/div>\n\t\t\t\t<\/div>\n\t\t<div class=\"elementor-element elementor-element-850c905 e-flex e-con-boxed e-con e-parent\" data-id=\"850c905\" data-element_type=\"container\" data-e-type=\"container\" data-settings=\"{&quot;background_background&quot;:&quot;classic&quot;}\">\n\t\t\t\t\t<div class=\"e-con-inner\">\n\t\t\t\t<div class=\"elementor-element elementor-element-022325c elementor-widget elementor-widget-heading\" data-id=\"022325c\" data-element_type=\"widget\" data-e-type=\"widget\" data-widget_type=\"heading.default\">\n\t\t\t\t\t<h2 class=\"elementor-heading-title elementor-size-default\">Modelo de Transformaci\u00f3n Estrat\u00e9gica Adaptativa<\/h2>\t\t\t\t<\/div>\n\t\t\t\t<div class=\"elementor-element elementor-element-572db15 elementor-widget elementor-widget-heading\" data-id=\"572db15\" data-element_type=\"widget\" data-e-type=\"widget\" data-widget_type=\"heading.default\">\n\t\t\t\t\t<h2 class=\"elementor-heading-title elementor-size-default\">(MTEA)<\/h2>\t\t\t\t<\/div>\n\t\t<div class=\"elementor-element elementor-element-b81579a e-con-full e-flex e-con e-child\" data-id=\"b81579a\" data-element_type=\"container\" data-e-type=\"container\">\n\t\t<div class=\"elementor-element elementor-element-b913ff3 e-con-full e-flex e-con e-child\" data-id=\"b913ff3\" data-element_type=\"container\" data-e-type=\"container\">\n\t\t\t\t<div class=\"elementor-element elementor-element-6274e5b elementor-widget elementor-widget-image\" data-id=\"6274e5b\" data-element_type=\"widget\" data-e-type=\"widget\" data-widget_type=\"image.default\">\n\t\t\t\t\t\t\t\t\t\t\t\t\t\t\t<img fetchpriority=\"high\" decoding=\"async\" width=\"800\" height=\"623\" src=\"https:\/\/www.ucm.edu.co\/pdi\/wp-content\/uploads\/2026\/03\/modelo-mtea-1024x798.png\" class=\"attachment-large size-large wp-image-378\" alt=\"\" srcset=\"https:\/\/www.ucm.edu.co\/pdi\/wp-content\/uploads\/2026\/03\/modelo-mtea-1024x798.png 1024w, https:\/\/www.ucm.edu.co\/pdi\/wp-content\/uploads\/2026\/03\/modelo-mtea-300x234.png 300w, https:\/\/www.ucm.edu.co\/pdi\/wp-content\/uploads\/2026\/03\/modelo-mtea-768x599.png 768w, https:\/\/www.ucm.edu.co\/pdi\/wp-content\/uploads\/2026\/03\/modelo-mtea.png 1280w\" sizes=\"(max-width: 800px) 100vw, 800px\" \/>\t\t\t\t\t\t\t\t\t\t\t\t\t\t\t<\/div>\n\t\t\t\t<\/div>\n\t\t<div class=\"elementor-element elementor-element-3b801ec e-con-full e-flex e-con e-child\" data-id=\"3b801ec\" data-element_type=\"container\" data-e-type=\"container\">\n\t\t\t\t<div class=\"elementor-element elementor-element-1af44d6 elementor-widget elementor-widget-text-editor\" data-id=\"1af44d6\" data-element_type=\"widget\" data-e-type=\"widget\" data-widget_type=\"text-editor.default\">\n\t\t\t\t\t\t\t\t\t<ul><li>Permite a la instituci\u00f3n ajustarse r\u00e1pidamente a cambios en un\u00a0 entorno. convulsivo y competitivo.<\/li><li>Basado en la flexibilidad, el aprendizaje iterativo y la respuesta efectiva a las demandas de los grupos de inter\u00e9s.<\/li><li>Exige el uso de los datos para guiar la toma de decisiones y la ejecuci\u00f3n de la estrategia.<\/li><li>Implica un proceso continuo de formulaci\u00f3n de hip\u00f3tesis, prueba, evaluaci\u00f3n y ajuste.<\/li><li>Busca mantener la relevancia y competitividad en el sector.<\/li><\/ul>\t\t\t\t\t\t\t\t<\/div>\n\t\t\t\t<\/div>\n\t\t\t\t<\/div>\n\t\t\t\t\t<\/div>\n\t\t\t\t<\/div>\n\t\t\t\t<\/div>\n\t\t","protected":false},"excerpt":{"rendered":"<p>Modelo de Transformaci\u00f3n Estrat\u00e9gica Adaptativa (MTEA) PDI 2026-2030 Modelo de Transformaci\u00f3n Estrat\u00e9gica Adaptativa (MTEA) 2026\u20132030 Universidad Cat\u00f3lica de Manizales El Modelo de Transformaci\u00f3n Estrat\u00e9gica Adaptativa (MTEA 2026\u20132030) constituye la hoja de ruta institucional para afrontar los retos identificados en el diagn\u00f3stico estrat\u00e9gico: limitada diferenciaci\u00f3n y sostenibilidad en un entorno altamente competitivo, digital y cambiante. Su [&hellip;]<\/p>\n","protected":false},"author":1,"featured_media":0,"parent":0,"menu_order":0,"comment_status":"closed","ping_status":"closed","template":"","meta":{"footnotes":""},"class_list":["post-374","page","type-page","status-publish","hentry"],"_links":{"self":[{"href":"https:\/\/www.ucm.edu.co\/pdi\/wp-json\/wp\/v2\/pages\/374","targetHints":{"allow":["GET"]}}],"collection":[{"href":"https:\/\/www.ucm.edu.co\/pdi\/wp-json\/wp\/v2\/pages"}],"about":[{"href":"https:\/\/www.ucm.edu.co\/pdi\/wp-json\/wp\/v2\/types\/page"}],"author":[{"embeddable":true,"href":"https:\/\/www.ucm.edu.co\/pdi\/wp-json\/wp\/v2\/users\/1"}],"replies":[{"embeddable":true,"href":"https:\/\/www.ucm.edu.co\/pdi\/wp-json\/wp\/v2\/comments?post=374"}],"version-history":[{"count":4,"href":"https:\/\/www.ucm.edu.co\/pdi\/wp-json\/wp\/v2\/pages\/374\/revisions"}],"predecessor-version":[{"id":381,"href":"https:\/\/www.ucm.edu.co\/pdi\/wp-json\/wp\/v2\/pages\/374\/revisions\/381"}],"wp:attachment":[{"href":"https:\/\/www.ucm.edu.co\/pdi\/wp-json\/wp\/v2\/media?parent=374"}],"curies":[{"name":"wp","href":"https:\/\/api.w.org\/{rel}","templated":true}]}}