{"id":206737,"date":"2023-01-12T08:07:51","date_gmt":"2023-01-12T13:07:51","guid":{"rendered":"https:\/\/www.ucm.edu.co\/?page_id=206737"},"modified":"2026-05-15T10:48:55","modified_gmt":"2026-05-15T15:48:55","slug":"facultad-de-educacion","status":"publish","type":"page","link":"https:\/\/www.ucm.edu.co\/en\/facultad-de-educacion\/","title":{"rendered":"Faculty of Education"},"content":{"rendered":"<p class=\"wp-block-paragraph\">The Faculty of Education of the Catholic University of Manizales - UCM - was formally created in 1974, when the first undergraduate programs were consolidated, as a response to the socio-cultural challenges of the local, regional and national context that should support the training of educators for future generations.\u00a0\u00a0The field of Education is interested in the social and human sciences that focus on the educational development of communities and the people who make them up. This Faculty is nourished by the charism of the Congregation of the Dominican Sisters of Charity of the Presentation of the Blessed Virgin and brings to life the institutional profile in search of social and cultural transformation, based on the values of Truth and Charity.<\/p>\n\n\n\n<p class=\"wp-block-paragraph\">The Faculty of Education is made up of men and women from different areas of knowledge, who focus their attention on education and especially on the training of educators, seeking to contribute to the educational development of the region and the country.&nbsp;<\/p>\n\n\n\n<p class=\"wp-block-paragraph\">That allows us to understand why this faculty has bachelor's, specialization, master's and doctoral programs.&nbsp;<\/p>\n\n\n\n<div style=\"height:40px\" aria-hidden=\"true\" class=\"wp-block-spacer\"><\/div>\n\n\n\n<div class=\"wp-block-columns is-layout-flex wp-container-core-columns-is-layout-8f761849 wp-block-columns-is-layout-flex\">\n<div class=\"wp-block-column is-layout-flow wp-block-column-is-layout-flow\" style=\"flex-basis:60%\">\n<h2 class=\"wp-block-heading\">Do you need more information about our faculty? <\/h2>\n\n\n\n<p class=\".texto_grande wp-block-paragraph\"><strong>Lina Rosa Parra Bernal<\/strong><br>Dean<br>(60)(6) 8933050 Ext. 3400<br>faceducacion@ucm.edu.co<br>Hours of operation: Monday to Friday from 7:30 a.m. to 12:00 a.m. and from 2:00 to 6:30 p.m.<\/p>\n\n\n\n<div style=\"height:15px\" aria-hidden=\"true\" class=\"wp-block-spacer\"><\/div>\n\n\n\n<div class=\"wp-block-buttons is-layout-flex wp-block-buttons-is-layout-flex\">\n<div class=\"wp-block-button .texto_grande\"><a class=\"wp-block-button__link has-white-color has-text-color has-background no-border-radius wp-element-button\" href=\"mailto:faceducacion@ucm.edu.co\" style=\"background-color:#f1573d\" target=\"_blank\" rel=\"noreferrer noopener\"><strong>Contact Us<\/strong><\/a><\/div>\n<\/div>\n<\/div>\n\n\n\n<div class=\"wp-block-column is-layout-flow wp-block-column-is-layout-flow\"><\/div>\n<\/div>","protected":false},"excerpt":{"rendered":"<p>La Facultad de Educaci\u00f3n de la Universidad Cat\u00f3lica de Manizales \u2013 UCM\u2013 fue creada formalmente en 1974, cuando se consolidan los primeros programas de licenciatura, como una respuesta a los [&hellip;]<\/p>\n","protected":false},"author":8,"featured_media":206617,"parent":0,"menu_order":121,"comment_status":"closed","ping_status":"closed","template":"","meta":{"_et_pb_use_builder":"","_et_pb_old_content":"","_et_gb_content_width":"","content-type":"","_monsterinsights_skip_tracking":false,"footnotes":""},"class_list":["post-206737","page","type-page","status-publish","has-post-thumbnail","hentry"],"yoast_head":"<!-- This site is optimized with the Yoast SEO plugin v28.1 - https:\/\/yoast.com\/product\/yoast-seo-wordpress\/ -->\n<title>Facultad de Educaci\u00f3n - UCM - Universidad Cat\u00f3lica de Manizales<\/title>\n<meta name=\"robots\" content=\"index, follow, max-snippet:-1, max-image-preview:large, max-video-preview:-1\" \/>\n<link rel=\"canonical\" href=\"https:\/\/www.ucm.edu.co\/en\/facultad-de-educacion\/\" \/>\n<meta property=\"og:locale\" content=\"en_US\" \/>\n<meta property=\"og:type\" content=\"article\" \/>\n<meta property=\"og:title\" content=\"Facultad de Educaci\u00f3n - UCM - Universidad Cat\u00f3lica de Manizales\" \/>\n<meta property=\"og:description\" content=\"La Facultad de Educaci\u00f3n de la Universidad Cat\u00f3lica de Manizales \u2013 UCM\u2013 fue creada formalmente en 1974, cuando se consolidan los primeros programas de licenciatura, como una respuesta a los [&hellip;]\" \/>\n<meta property=\"og:url\" content=\"https:\/\/www.ucm.edu.co\/en\/facultad-de-educacion\/\" \/>\n<meta property=\"og:site_name\" content=\"UCM - Universidad Cat\u00f3lica de Manizales\" \/>\n<meta property=\"article:publisher\" content=\"https:\/\/www.facebook.com\/ucatolicamanizales\" \/>\n<meta property=\"article:modified_time\" content=\"2026-05-15T15:48:55+00:00\" \/>\n<meta property=\"og:image\" content=\"https:\/\/www.ucm.edu.co\/wp-content\/uploads\/2021\/02\/banner_evaluacion_pedagogica.jpg\" \/>\n\t<meta property=\"og:image:width\" content=\"1500\" \/>\n\t<meta property=\"og:image:height\" content=\"480\" \/>\n\t<meta property=\"og:image:type\" content=\"image\/jpeg\" \/>\n<meta name=\"twitter:card\" content=\"summary_large_image\" \/>\n<meta name=\"twitter:site\" content=\"@ucm_manizales\" \/>\n<meta name=\"twitter:label1\" content=\"Est. reading time\" \/>\n\t<meta name=\"twitter:data1\" content=\"2 minutes\" \/>\n<script type=\"application\/ld+json\" class=\"yoast-schema-graph\">{\"@context\":\"https:\\\/\\\/schema.org\",\"@graph\":[{\"@type\":\"WebPage\",\"@id\":\"https:\\\/\\\/www.ucm.edu.co\\\/facultad-de-educacion\\\/\",\"url\":\"https:\\\/\\\/www.ucm.edu.co\\\/facultad-de-educacion\\\/\",\"name\":\"Facultad de Educaci\u00f3n - UCM - Universidad Cat\u00f3lica de Manizales\",\"isPartOf\":{\"@id\":\"https:\\\/\\\/www.ucm.edu.co\\\/#website\"},\"primaryImageOfPage\":{\"@id\":\"https:\\\/\\\/www.ucm.edu.co\\\/facultad-de-educacion\\\/#primaryimage\"},\"image\":{\"@id\":\"https:\\\/\\\/www.ucm.edu.co\\\/facultad-de-educacion\\\/#primaryimage\"},\"thumbnailUrl\":\"https:\\\/\\\/www.ucm.edu.co\\\/wp-content\\\/uploads\\\/2021\\\/02\\\/banner_evaluacion_pedagogica.jpg\",\"datePublished\":\"2023-01-12T13:07:51+00:00\",\"dateModified\":\"2026-05-15T15:48:55+00:00\",\"breadcrumb\":{\"@id\":\"https:\\\/\\\/www.ucm.edu.co\\\/facultad-de-educacion\\\/#breadcrumb\"},\"inLanguage\":\"en-US\",\"potentialAction\":[{\"@type\":\"ReadAction\",\"target\":[\"https:\\\/\\\/www.ucm.edu.co\\\/facultad-de-educacion\\\/\"]}]},{\"@type\":\"ImageObject\",\"inLanguage\":\"en-US\",\"@id\":\"https:\\\/\\\/www.ucm.edu.co\\\/facultad-de-educacion\\\/#primaryimage\",\"url\":\"https:\\\/\\\/www.ucm.edu.co\\\/wp-content\\\/uploads\\\/2021\\\/02\\\/banner_evaluacion_pedagogica.jpg\",\"contentUrl\":\"https:\\\/\\\/www.ucm.edu.co\\\/wp-content\\\/uploads\\\/2021\\\/02\\\/banner_evaluacion_pedagogica.jpg\",\"width\":1500,\"height\":480},{\"@type\":\"BreadcrumbList\",\"@id\":\"https:\\\/\\\/www.ucm.edu.co\\\/facultad-de-educacion\\\/#breadcrumb\",\"itemListElement\":[{\"@type\":\"ListItem\",\"position\":1,\"name\":\"Portada\",\"item\":\"https:\\\/\\\/www.ucm.edu.co\\\/\"},{\"@type\":\"ListItem\",\"position\":2,\"name\":\"Facultad de Educaci\u00f3n\"}]},{\"@type\":\"WebSite\",\"@id\":\"https:\\\/\\\/www.ucm.edu.co\\\/#website\",\"url\":\"https:\\\/\\\/www.ucm.edu.co\\\/\",\"name\":\"UCM - Universidad Cat\u00f3lica de Manizales\",\"description\":\"Ven a ser quien quieres ser\",\"publisher\":{\"@id\":\"https:\\\/\\\/www.ucm.edu.co\\\/#organization\"},\"alternateName\":\"UCM\",\"potentialAction\":[{\"@type\":\"SearchAction\",\"target\":{\"@type\":\"EntryPoint\",\"urlTemplate\":\"https:\\\/\\\/www.ucm.edu.co\\\/?s={search_term_string}\"},\"query-input\":{\"@type\":\"PropertyValueSpecification\",\"valueRequired\":true,\"valueName\":\"search_term_string\"}}],\"inLanguage\":\"en-US\"},{\"@type\":\"Organization\",\"@id\":\"https:\\\/\\\/www.ucm.edu.co\\\/#organization\",\"name\":\"Universidad Cat\u00f3lica de Manizales\",\"alternateName\":\"UCM\",\"url\":\"https:\\\/\\\/www.ucm.edu.co\\\/\",\"logo\":{\"@type\":\"ImageObject\",\"inLanguage\":\"en-US\",\"@id\":\"https:\\\/\\\/www.ucm.edu.co\\\/#\\\/schema\\\/logo\\\/image\\\/\",\"url\":\"https:\\\/\\\/www.ucm.edu.co\\\/wp-content\\\/uploads\\\/2021\\\/03\\\/favicon_ucm.png\",\"contentUrl\":\"https:\\\/\\\/www.ucm.edu.co\\\/wp-content\\\/uploads\\\/2021\\\/03\\\/favicon_ucm.png\",\"width\":512,\"height\":512,\"caption\":\"Universidad Cat\u00f3lica de Manizales\"},\"image\":{\"@id\":\"https:\\\/\\\/www.ucm.edu.co\\\/#\\\/schema\\\/logo\\\/image\\\/\"},\"sameAs\":[\"https:\\\/\\\/www.facebook.com\\\/ucatolicamanizales\",\"https:\\\/\\\/x.com\\\/ucm_manizales\",\"https:\\\/\\\/www.instagram.com\\\/ucatolicamanizales\\\/\",\"https:\\\/\\\/co.linkedin.com\\\/school\\\/ucatolicamanizales\\\/\",\"https:\\\/\\\/www.youtube.com\\\/user\\\/UCMtelevision\"]}]}<\/script>\n<!-- \/ Yoast SEO plugin. -->","yoast_head_json":{"title":"Facultad de Educaci\u00f3n - UCM - Universidad Cat\u00f3lica de Manizales","robots":{"index":"index","follow":"follow","max-snippet":"max-snippet:-1","max-image-preview":"max-image-preview:large","max-video-preview":"max-video-preview:-1"},"canonical":"https:\/\/www.ucm.edu.co\/en\/facultad-de-educacion\/","og_locale":"en_US","og_type":"article","og_title":"Facultad de Educaci\u00f3n - UCM - Universidad Cat\u00f3lica de Manizales","og_description":"La Facultad de Educaci\u00f3n de la Universidad Cat\u00f3lica de Manizales \u2013 UCM\u2013 fue creada formalmente en 1974, cuando se consolidan los primeros programas de licenciatura, como una respuesta a los [&hellip;]","og_url":"https:\/\/www.ucm.edu.co\/en\/facultad-de-educacion\/","og_site_name":"UCM - Universidad Cat\u00f3lica de Manizales","article_publisher":"https:\/\/www.facebook.com\/ucatolicamanizales","article_modified_time":"2026-05-15T15:48:55+00:00","og_image":[{"width":1500,"height":480,"url":"https:\/\/www.ucm.edu.co\/wp-content\/uploads\/2021\/02\/banner_evaluacion_pedagogica.jpg","type":"image\/jpeg"}],"twitter_card":"summary_large_image","twitter_site":"@ucm_manizales","twitter_misc":{"Est. reading time":"2 minutes"},"schema":{"@context":"https:\/\/schema.org","@graph":[{"@type":"WebPage","@id":"https:\/\/www.ucm.edu.co\/facultad-de-educacion\/","url":"https:\/\/www.ucm.edu.co\/facultad-de-educacion\/","name":"Facultad de Educaci\u00f3n - UCM - Universidad Cat\u00f3lica de Manizales","isPartOf":{"@id":"https:\/\/www.ucm.edu.co\/#website"},"primaryImageOfPage":{"@id":"https:\/\/www.ucm.edu.co\/facultad-de-educacion\/#primaryimage"},"image":{"@id":"https:\/\/www.ucm.edu.co\/facultad-de-educacion\/#primaryimage"},"thumbnailUrl":"https:\/\/www.ucm.edu.co\/wp-content\/uploads\/2021\/02\/banner_evaluacion_pedagogica.jpg","datePublished":"2023-01-12T13:07:51+00:00","dateModified":"2026-05-15T15:48:55+00:00","breadcrumb":{"@id":"https:\/\/www.ucm.edu.co\/facultad-de-educacion\/#breadcrumb"},"inLanguage":"en-US","potentialAction":[{"@type":"ReadAction","target":["https:\/\/www.ucm.edu.co\/facultad-de-educacion\/"]}]},{"@type":"ImageObject","inLanguage":"en-US","@id":"https:\/\/www.ucm.edu.co\/facultad-de-educacion\/#primaryimage","url":"https:\/\/www.ucm.edu.co\/wp-content\/uploads\/2021\/02\/banner_evaluacion_pedagogica.jpg","contentUrl":"https:\/\/www.ucm.edu.co\/wp-content\/uploads\/2021\/02\/banner_evaluacion_pedagogica.jpg","width":1500,"height":480},{"@type":"BreadcrumbList","@id":"https:\/\/www.ucm.edu.co\/facultad-de-educacion\/#breadcrumb","itemListElement":[{"@type":"ListItem","position":1,"name":"Portada","item":"https:\/\/www.ucm.edu.co\/"},{"@type":"ListItem","position":2,"name":"Facultad de Educaci\u00f3n"}]},{"@type":"WebSite","@id":"https:\/\/www.ucm.edu.co\/#website","url":"https:\/\/www.ucm.edu.co\/","name":"UCM - Universidad Cat\u00f3lica de Manizales","description":"Ven a ser quien quieres ser","publisher":{"@id":"https:\/\/www.ucm.edu.co\/#organization"},"alternateName":"UCM","potentialAction":[{"@type":"SearchAction","target":{"@type":"EntryPoint","urlTemplate":"https:\/\/www.ucm.edu.co\/?s={search_term_string}"},"query-input":{"@type":"PropertyValueSpecification","valueRequired":true,"valueName":"search_term_string"}}],"inLanguage":"en-US"},{"@type":"Organization","@id":"https:\/\/www.ucm.edu.co\/#organization","name":"Universidad Cat\u00f3lica de Manizales","alternateName":"UCM","url":"https:\/\/www.ucm.edu.co\/","logo":{"@type":"ImageObject","inLanguage":"en-US","@id":"https:\/\/www.ucm.edu.co\/#\/schema\/logo\/image\/","url":"https:\/\/www.ucm.edu.co\/wp-content\/uploads\/2021\/03\/favicon_ucm.png","contentUrl":"https:\/\/www.ucm.edu.co\/wp-content\/uploads\/2021\/03\/favicon_ucm.png","width":512,"height":512,"caption":"Universidad Cat\u00f3lica de Manizales"},"image":{"@id":"https:\/\/www.ucm.edu.co\/#\/schema\/logo\/image\/"},"sameAs":["https:\/\/www.facebook.com\/ucatolicamanizales","https:\/\/x.com\/ucm_manizales","https:\/\/www.instagram.com\/ucatolicamanizales\/","https:\/\/co.linkedin.com\/school\/ucatolicamanizales\/","https:\/\/www.youtube.com\/user\/UCMtelevision"]}]}},"_links":{"self":[{"href":"https:\/\/www.ucm.edu.co\/en\/wp-json\/wp\/v2\/pages\/206737","targetHints":{"allow":["GET"]}}],"collection":[{"href":"https:\/\/www.ucm.edu.co\/en\/wp-json\/wp\/v2\/pages"}],"about":[{"href":"https:\/\/www.ucm.edu.co\/en\/wp-json\/wp\/v2\/types\/page"}],"author":[{"embeddable":true,"href":"https:\/\/www.ucm.edu.co\/en\/wp-json\/wp\/v2\/users\/8"}],"replies":[{"embeddable":true,"href":"https:\/\/www.ucm.edu.co\/en\/wp-json\/wp\/v2\/comments?post=206737"}],"version-history":[{"count":3,"href":"https:\/\/www.ucm.edu.co\/en\/wp-json\/wp\/v2\/pages\/206737\/revisions"}],"predecessor-version":[{"id":233786,"href":"https:\/\/www.ucm.edu.co\/en\/wp-json\/wp\/v2\/pages\/206737\/revisions\/233786"}],"wp:featuredmedia":[{"embeddable":true,"href":"https:\/\/www.ucm.edu.co\/en\/wp-json\/wp\/v2\/media\/206617"}],"wp:attachment":[{"href":"https:\/\/www.ucm.edu.co\/en\/wp-json\/wp\/v2\/media?parent=206737"}],"curies":[{"name":"wp","href":"https:\/\/api.w.org\/{rel}","templated":true}]}}

<p>La Facultad de Educación de la Universidad Católica de Manizales – UCM– fue creada formalmente en 1974, cuando se consolidan los primeros programas de licenciatura, como una respuesta a los [&hellip;]</p>

<!-- This site is optimized with the Yoast SEO plugin v28.1 - https://yoast.com/product/yoast-seo-wordpress/ -->
<title>Facultad de Educación - UCM - Universidad Católica de Manizales</title>
<meta name="robots" content="index, follow, max-snippet:-1, max-image-preview:large, max-video-preview:-1" />
<link rel="canonical" href="https://www.ucm.edu.co/en/facultad-de-educacion/" />
<meta property="og:locale" content="en_US" />
<meta property="og:type" content="article" />
<meta property="og:title" content="Facultad de Educación - UCM - Universidad Católica de Manizales" />
<meta property="og:description" content="La Facultad de Educación de la Universidad Católica de Manizales – UCM– fue creada formalmente en 1974, cuando se consolidan los primeros programas de licenciatura, como una respuesta a los [&hellip;]" />
<meta property="og:url" content="https://www.ucm.edu.co/en/facultad-de-educacion/" />
<meta property="og:site_name" content="UCM - Universidad Católica de Manizales" />
<meta property="article:publisher" content="https://www.facebook.com/ucatolicamanizales" />
<meta property="article:modified_time" content="2026-05-15T15:48:55+00:00" />
<meta property="og:image" content="https://www.ucm.edu.co/wp-content/uploads/2021/02/banner_evaluacion_pedagogica.jpg" />
	<meta property="og:image:width" content="1500" />
	<meta property="og:image:height" content="480" />
	<meta property="og:image:type" content="image/jpeg" />
<meta name="twitter:card" content="summary_large_image" />
<meta name="twitter:site" content="@ucm_manizales" />
<meta name="twitter:label1" content="Est. reading time" />
	<meta name="twitter:data1" content="2 minutes" />
<script type="application/ld+json" class="yoast-schema-graph">{"@context":"https:\/\/schema.org","@graph":[{"@type":"WebPage","@id":"https:\/\/www.ucm.edu.co\/facultad-de-educacion\/","url":"https:\/\/www.ucm.edu.co\/facultad-de-educacion\/","name":"Facultad de Educación - UCM - Universidad Católica de Manizales","isPartOf":{"@id":"https:\/\/www.ucm.edu.co\/#website"},"primaryImageOfPage":{"@id":"https:\/\/www.ucm.edu.co\/facultad-de-educacion\/#primaryimage"},"image":{"@id":"https:\/\/www.ucm.edu.co\/facultad-de-educacion\/#primaryimage"},"thumbnailUrl":"https:\/\/www.ucm.edu.co\/wp-content\/uploads\/2021\/02\/banner_evaluacion_pedagogica.jpg","datePublished":"2023-01-12T13:07:51+00:00","dateModified":"2026-05-15T15:48:55+00:00","breadcrumb":{"@id":"https:\/\/www.ucm.edu.co\/facultad-de-educacion\/#breadcrumb"},"inLanguage":"en-US","potentialAction":[{"@type":"ReadAction","target":["https:\/\/www.ucm.edu.co\/facultad-de-educacion\/"]}]},{"@type":"ImageObject","inLanguage":"en-US","@id":"https:\/\/www.ucm.edu.co\/facultad-de-educacion\/#primaryimage","url":"https:\/\/www.ucm.edu.co\/wp-content\/uploads\/2021\/02\/banner_evaluacion_pedagogica.jpg","contentUrl":"https:\/\/www.ucm.edu.co\/wp-content\/uploads\/2021\/02\/banner_evaluacion_pedagogica.jpg","width":1500,"height":480},{"@type":"BreadcrumbList","@id":"https:\/\/www.ucm.edu.co\/facultad-de-educacion\/#breadcrumb","itemListElement":[{"@type":"ListItem","position":1,"name":"Portada","item":"https:\/\/www.ucm.edu.co\/"},{"@type":"ListItem","position":2,"name":"Facultad de Educación"}]},{"@type":"WebSite","@id":"https:\/\/www.ucm.edu.co\/#website","url":"https:\/\/www.ucm.edu.co\/","name":"UCM - Universidad Católica de Manizales","description":"Ven a ser quien quieres ser","publisher":{"@id":"https:\/\/www.ucm.edu.co\/#organization"},"alternateName":"UCM","potentialAction":[{"@type":"SearchAction","target":{"@type":"EntryPoint","urlTemplate":"https:\/\/www.ucm.edu.co\/?s={search_term_string}"},"query-input":{"@type":"PropertyValueSpecification","valueRequired":true,"valueName":"search_term_string"}}],"inLanguage":"en-US"},{"@type":"Organization","@id":"https:\/\/www.ucm.edu.co\/#organization","name":"Universidad Católica de Manizales","alternateName":"UCM","url":"https:\/\/www.ucm.edu.co\/","logo":{"@type":"ImageObject","inLanguage":"en-US","@id":"https:\/\/www.ucm.edu.co\/#\/schema\/logo\/image\/","url":"https:\/\/www.ucm.edu.co\/wp-content\/uploads\/2021\/03\/favicon_ucm.png","contentUrl":"https:\/\/www.ucm.edu.co\/wp-content\/uploads\/2021\/03\/favicon_ucm.png","width":512,"height":512,"caption":"Universidad Católica de Manizales"},"image":{"@id":"https:\/\/www.ucm.edu.co\/#\/schema\/logo\/image\/"},"sameAs":["https:\/\/www.facebook.com\/ucatolicamanizales","https:\/\/x.com\/ucm_manizales","https:\/\/www.instagram.com\/ucatolicamanizales\/","https:\/\/co.linkedin.com\/school\/ucatolicamanizales\/","https:\/\/www.youtube.com\/user\/UCMtelevision"]}]}</script>
<!-- / Yoast SEO plugin. -->

Facultad de Educación - UCM - Universidad Católica de Manizales

La Facultad de Educación de la Universidad Católica de Manizales – UCM– fue creada formalmente en 1974, cuando se consolidan los primeros programas de licenciatura, como una respuesta a los [&hellip;]

UCM - Universidad Católica de Manizales

Facultad de Educación

Universidad Católica de Manizales
