{"id":194527,"date":"2021-09-17T08:22:46","date_gmt":"2021-09-17T13:22:46","guid":{"rendered":"https:\/\/www.ucm.edu.co\/?page_id=194527"},"modified":"2021-09-17T08:29:55","modified_gmt":"2021-09-17T13:29:55","slug":"cronograma","status":"publish","type":"page","link":"https:\/\/www.ucm.edu.co\/en\/semana-biblica-la-biblia-y-la-creacion\/cronograma\/","title":{"rendered":"Cronograma"},"content":{"rendered":"<figure class=\"wp-block-table is-style-stripes tabla_generica\"><table><tbody><tr><th>Date<\/th><th>Actividad<\/th><\/tr><tr><td>27 de septiembre<\/td><td>Taller \u201cFundamentos B\u00edblicos de la Conversi\u00f3n ecol\u00f3gica\u201d&nbsp;Ponente: Pbro Tarcisio Gait\u00e1n, Profesor de la Universidad Pontificia BolivarianaHora: 8:00 amEnlace:&nbsp;<a href=\"https:\/\/ucm-co.zoom.us\/j\/5988691827?pwd=Q3IvMVkzUllrRERKWlczaHNZTkxhUT09\">https:\/\/ucm-co.zoom.us\/j\/5988691827?pwd=Q3IvMVkzUllrRERKWlczaHNZTkxhUT09<\/a>&nbsp;<\/td><\/tr><tr><td>28 de septiembre<\/td><td>Visitas pastorales a las dependencias UCMHora: 8:00 am \u2013 12:00 m<\/td><\/tr><tr><td>29 de septiembre<\/td><td>Eucarist\u00eda&nbsp;Enlace: https:\/\/ucm-co.zoom.us\/j\/5988691827?pwd=Q3IvMVkzUllrRERKWlczaHNZTkxhUT09<\/td><\/tr><tr><td>30 de septiembre<\/td><td>Panel: \u201cel llamado de Dios y la Fraternidad\u201dOrganiza: Nodo Eje Cafetero de la RUCCHora: 6:00 pm \u2013 7:00 pmLugar: Auditorio Santo Domingo de Guzm\u00e1nTransmisi\u00f3n: https:\/\/ucm-co.zoom.us\/j\/88232419298<\/td><\/tr><tr><td>01 de octubre<\/td><td>Lectio Divina&nbsp;Hna. Elizabeth CaicedoHora: 7:00pmEnlace:&nbsp;<a href=\"https:\/\/ucm-co.zoom.us\/j\/5988691827?pwd=Q3IvMVkzUllrRERKWlczaHNZTkxhUT09\">https:\/\/ucm-co.zoom.us\/j\/5988691827?pwd=Q3IvMVkzUllrRERKWlczaHNZTkxhUT09<\/a><\/td><\/tr><\/tbody><\/table><\/figure>\n\n\n\n<p class=\"wp-block-paragraph\"><\/p>","protected":false},"excerpt":{"rendered":"<p>Fecha Actividad 27 de septiembre Taller \u201cFundamentos B\u00edblicos de la Conversi\u00f3n ecol\u00f3gica\u201d&nbsp;Ponente: Pbro Tarcisio Gait\u00e1n, Profesor de la Universidad Pontificia BolivarianaHora: 8:00 amEnlace:&nbsp;https:\/\/ucm-co.zoom.us\/j\/5988691827?pwd=Q3IvMVkzUllrRERKWlczaHNZTkxhUT09&nbsp; 28 de septiembre Visitas pastorales a las [&hellip;]<\/p>\n","protected":false},"author":8,"featured_media":0,"parent":194525,"menu_order":313,"comment_status":"closed","ping_status":"closed","template":"","meta":{"_et_pb_use_builder":"","_et_pb_old_content":"","_et_gb_content_width":"","content-type":"","_monsterinsights_skip_tracking":false,"footnotes":""},"class_list":["post-194527","page","type-page","status-publish","hentry"],"yoast_head":"<!-- This site is optimized with the Yoast SEO plugin v28.1 - https:\/\/yoast.com\/product\/yoast-seo-wordpress\/ -->\n<title>Cronograma - UCM - Universidad Cat\u00f3lica de Manizales<\/title>\n<meta name=\"robots\" content=\"index, follow, max-snippet:-1, max-image-preview:large, max-video-preview:-1\" \/>\n<link rel=\"canonical\" href=\"https:\/\/www.ucm.edu.co\/en\/semana-biblica-la-biblia-y-la-creacion\/cronograma\/\" \/>\n<meta property=\"og:locale\" content=\"en_US\" \/>\n<meta property=\"og:type\" content=\"article\" \/>\n<meta property=\"og:title\" content=\"Cronograma - UCM - Universidad Cat\u00f3lica de Manizales\" \/>\n<meta property=\"og:description\" content=\"Fecha Actividad 27 de septiembre Taller \u201cFundamentos B\u00edblicos de la Conversi\u00f3n ecol\u00f3gica\u201d&nbsp;Ponente: Pbro Tarcisio Gait\u00e1n, Profesor de la Universidad Pontificia BolivarianaHora: 8:00 amEnlace:&nbsp;https:\/\/ucm-co.zoom.us\/j\/5988691827?pwd=Q3IvMVkzUllrRERKWlczaHNZTkxhUT09&nbsp; 28 de septiembre Visitas pastorales a las [&hellip;]\" \/>\n<meta property=\"og:url\" content=\"https:\/\/www.ucm.edu.co\/en\/semana-biblica-la-biblia-y-la-creacion\/cronograma\/\" \/>\n<meta property=\"og:site_name\" content=\"UCM - Universidad Cat\u00f3lica de Manizales\" \/>\n<meta property=\"article:publisher\" content=\"https:\/\/www.facebook.com\/ucatolicamanizales\" \/>\n<meta property=\"article:modified_time\" content=\"2021-09-17T13:29:55+00:00\" \/>\n<meta name=\"twitter:card\" content=\"summary_large_image\" \/>\n<meta name=\"twitter:site\" content=\"@ucm_manizales\" \/>\n<meta name=\"twitter:label1\" content=\"Est. reading time\" \/>\n\t<meta name=\"twitter:data1\" content=\"1 minute\" \/>\n<script type=\"application\/ld+json\" class=\"yoast-schema-graph\">{\"@context\":\"https:\\\/\\\/schema.org\",\"@graph\":[{\"@type\":\"WebPage\",\"@id\":\"https:\\\/\\\/www.ucm.edu.co\\\/semana-biblica-la-biblia-y-la-creacion\\\/cronograma\\\/\",\"url\":\"https:\\\/\\\/www.ucm.edu.co\\\/semana-biblica-la-biblia-y-la-creacion\\\/cronograma\\\/\",\"name\":\"Cronograma - UCM - Universidad Cat\u00f3lica de Manizales\",\"isPartOf\":{\"@id\":\"https:\\\/\\\/www.ucm.edu.co\\\/#website\"},\"datePublished\":\"2021-09-17T13:22:46+00:00\",\"dateModified\":\"2021-09-17T13:29:55+00:00\",\"breadcrumb\":{\"@id\":\"https:\\\/\\\/www.ucm.edu.co\\\/semana-biblica-la-biblia-y-la-creacion\\\/cronograma\\\/#breadcrumb\"},\"inLanguage\":\"en-US\",\"potentialAction\":[{\"@type\":\"ReadAction\",\"target\":[\"https:\\\/\\\/www.ucm.edu.co\\\/semana-biblica-la-biblia-y-la-creacion\\\/cronograma\\\/\"]}]},{\"@type\":\"BreadcrumbList\",\"@id\":\"https:\\\/\\\/www.ucm.edu.co\\\/semana-biblica-la-biblia-y-la-creacion\\\/cronograma\\\/#breadcrumb\",\"itemListElement\":[{\"@type\":\"ListItem\",\"position\":1,\"name\":\"Portada\",\"item\":\"https:\\\/\\\/www.ucm.edu.co\\\/\"},{\"@type\":\"ListItem\",\"position\":2,\"name\":\"Semana B\u00edblica, La Biblia y la creaci\u00f3n\",\"item\":\"https:\\\/\\\/www.ucm.edu.co\\\/semana-biblica-la-biblia-y-la-creacion\\\/\"},{\"@type\":\"ListItem\",\"position\":3,\"name\":\"Cronograma\"}]},{\"@type\":\"WebSite\",\"@id\":\"https:\\\/\\\/www.ucm.edu.co\\\/#website\",\"url\":\"https:\\\/\\\/www.ucm.edu.co\\\/\",\"name\":\"UCM - Universidad Cat\u00f3lica de Manizales\",\"description\":\"Ven a ser quien quieres ser\",\"publisher\":{\"@id\":\"https:\\\/\\\/www.ucm.edu.co\\\/#organization\"},\"alternateName\":\"UCM\",\"potentialAction\":[{\"@type\":\"SearchAction\",\"target\":{\"@type\":\"EntryPoint\",\"urlTemplate\":\"https:\\\/\\\/www.ucm.edu.co\\\/?s={search_term_string}\"},\"query-input\":{\"@type\":\"PropertyValueSpecification\",\"valueRequired\":true,\"valueName\":\"search_term_string\"}}],\"inLanguage\":\"en-US\"},{\"@type\":\"Organization\",\"@id\":\"https:\\\/\\\/www.ucm.edu.co\\\/#organization\",\"name\":\"Universidad Cat\u00f3lica de Manizales\",\"alternateName\":\"UCM\",\"url\":\"https:\\\/\\\/www.ucm.edu.co\\\/\",\"logo\":{\"@type\":\"ImageObject\",\"inLanguage\":\"en-US\",\"@id\":\"https:\\\/\\\/www.ucm.edu.co\\\/#\\\/schema\\\/logo\\\/image\\\/\",\"url\":\"https:\\\/\\\/www.ucm.edu.co\\\/wp-content\\\/uploads\\\/2021\\\/03\\\/favicon_ucm.png\",\"contentUrl\":\"https:\\\/\\\/www.ucm.edu.co\\\/wp-content\\\/uploads\\\/2021\\\/03\\\/favicon_ucm.png\",\"width\":512,\"height\":512,\"caption\":\"Universidad Cat\u00f3lica de Manizales\"},\"image\":{\"@id\":\"https:\\\/\\\/www.ucm.edu.co\\\/#\\\/schema\\\/logo\\\/image\\\/\"},\"sameAs\":[\"https:\\\/\\\/www.facebook.com\\\/ucatolicamanizales\",\"https:\\\/\\\/x.com\\\/ucm_manizales\",\"https:\\\/\\\/www.instagram.com\\\/ucatolicamanizales\\\/\",\"https:\\\/\\\/co.linkedin.com\\\/school\\\/ucatolicamanizales\\\/\",\"https:\\\/\\\/www.youtube.com\\\/user\\\/UCMtelevision\"]}]}<\/script>\n<!-- \/ Yoast SEO plugin. -->","yoast_head_json":{"title":"Cronograma - UCM - Universidad Cat\u00f3lica de Manizales","robots":{"index":"index","follow":"follow","max-snippet":"max-snippet:-1","max-image-preview":"max-image-preview:large","max-video-preview":"max-video-preview:-1"},"canonical":"https:\/\/www.ucm.edu.co\/en\/semana-biblica-la-biblia-y-la-creacion\/cronograma\/","og_locale":"en_US","og_type":"article","og_title":"Cronograma - UCM - Universidad Cat\u00f3lica de Manizales","og_description":"Fecha Actividad 27 de septiembre Taller \u201cFundamentos B\u00edblicos de la Conversi\u00f3n ecol\u00f3gica\u201d&nbsp;Ponente: Pbro Tarcisio Gait\u00e1n, Profesor de la Universidad Pontificia BolivarianaHora: 8:00 amEnlace:&nbsp;https:\/\/ucm-co.zoom.us\/j\/5988691827?pwd=Q3IvMVkzUllrRERKWlczaHNZTkxhUT09&nbsp; 28 de septiembre Visitas pastorales a las [&hellip;]","og_url":"https:\/\/www.ucm.edu.co\/en\/semana-biblica-la-biblia-y-la-creacion\/cronograma\/","og_site_name":"UCM - Universidad Cat\u00f3lica de Manizales","article_publisher":"https:\/\/www.facebook.com\/ucatolicamanizales","article_modified_time":"2021-09-17T13:29:55+00:00","twitter_card":"summary_large_image","twitter_site":"@ucm_manizales","twitter_misc":{"Est. reading time":"1 minute"},"schema":{"@context":"https:\/\/schema.org","@graph":[{"@type":"WebPage","@id":"https:\/\/www.ucm.edu.co\/semana-biblica-la-biblia-y-la-creacion\/cronograma\/","url":"https:\/\/www.ucm.edu.co\/semana-biblica-la-biblia-y-la-creacion\/cronograma\/","name":"Cronograma - UCM - Universidad Cat\u00f3lica de Manizales","isPartOf":{"@id":"https:\/\/www.ucm.edu.co\/#website"},"datePublished":"2021-09-17T13:22:46+00:00","dateModified":"2021-09-17T13:29:55+00:00","breadcrumb":{"@id":"https:\/\/www.ucm.edu.co\/semana-biblica-la-biblia-y-la-creacion\/cronograma\/#breadcrumb"},"inLanguage":"en-US","potentialAction":[{"@type":"ReadAction","target":["https:\/\/www.ucm.edu.co\/semana-biblica-la-biblia-y-la-creacion\/cronograma\/"]}]},{"@type":"BreadcrumbList","@id":"https:\/\/www.ucm.edu.co\/semana-biblica-la-biblia-y-la-creacion\/cronograma\/#breadcrumb","itemListElement":[{"@type":"ListItem","position":1,"name":"Portada","item":"https:\/\/www.ucm.edu.co\/"},{"@type":"ListItem","position":2,"name":"Semana B\u00edblica, La Biblia y la creaci\u00f3n","item":"https:\/\/www.ucm.edu.co\/semana-biblica-la-biblia-y-la-creacion\/"},{"@type":"ListItem","position":3,"name":"Cronograma"}]},{"@type":"WebSite","@id":"https:\/\/www.ucm.edu.co\/#website","url":"https:\/\/www.ucm.edu.co\/","name":"UCM - Universidad Cat\u00f3lica de Manizales","description":"Ven a ser quien quieres ser","publisher":{"@id":"https:\/\/www.ucm.edu.co\/#organization"},"alternateName":"UCM","potentialAction":[{"@type":"SearchAction","target":{"@type":"EntryPoint","urlTemplate":"https:\/\/www.ucm.edu.co\/?s={search_term_string}"},"query-input":{"@type":"PropertyValueSpecification","valueRequired":true,"valueName":"search_term_string"}}],"inLanguage":"en-US"},{"@type":"Organization","@id":"https:\/\/www.ucm.edu.co\/#organization","name":"Universidad Cat\u00f3lica de Manizales","alternateName":"UCM","url":"https:\/\/www.ucm.edu.co\/","logo":{"@type":"ImageObject","inLanguage":"en-US","@id":"https:\/\/www.ucm.edu.co\/#\/schema\/logo\/image\/","url":"https:\/\/www.ucm.edu.co\/wp-content\/uploads\/2021\/03\/favicon_ucm.png","contentUrl":"https:\/\/www.ucm.edu.co\/wp-content\/uploads\/2021\/03\/favicon_ucm.png","width":512,"height":512,"caption":"Universidad Cat\u00f3lica de Manizales"},"image":{"@id":"https:\/\/www.ucm.edu.co\/#\/schema\/logo\/image\/"},"sameAs":["https:\/\/www.facebook.com\/ucatolicamanizales","https:\/\/x.com\/ucm_manizales","https:\/\/www.instagram.com\/ucatolicamanizales\/","https:\/\/co.linkedin.com\/school\/ucatolicamanizales\/","https:\/\/www.youtube.com\/user\/UCMtelevision"]}]}},"_links":{"self":[{"href":"https:\/\/www.ucm.edu.co\/en\/wp-json\/wp\/v2\/pages\/194527","targetHints":{"allow":["GET"]}}],"collection":[{"href":"https:\/\/www.ucm.edu.co\/en\/wp-json\/wp\/v2\/pages"}],"about":[{"href":"https:\/\/www.ucm.edu.co\/en\/wp-json\/wp\/v2\/types\/page"}],"author":[{"embeddable":true,"href":"https:\/\/www.ucm.edu.co\/en\/wp-json\/wp\/v2\/users\/8"}],"replies":[{"embeddable":true,"href":"https:\/\/www.ucm.edu.co\/en\/wp-json\/wp\/v2\/comments?post=194527"}],"version-history":[{"count":4,"href":"https:\/\/www.ucm.edu.co\/en\/wp-json\/wp\/v2\/pages\/194527\/revisions"}],"predecessor-version":[{"id":194533,"href":"https:\/\/www.ucm.edu.co\/en\/wp-json\/wp\/v2\/pages\/194527\/revisions\/194533"}],"up":[{"embeddable":true,"href":"https:\/\/www.ucm.edu.co\/en\/wp-json\/wp\/v2\/pages\/194525"}],"wp:attachment":[{"href":"https:\/\/www.ucm.edu.co\/en\/wp-json\/wp\/v2\/media?parent=194527"}],"curies":[{"name":"wp","href":"https:\/\/api.w.org\/{rel}","templated":true}]}}

<figure class="wp-block-table is-style-stripes tabla_generica"><table><tbody><tr><th>Date</th><th>Actividad</th></tr><tr><td>27 de septiembre</td><td>Taller “Fundamentos Bíblicos de la Conversión ecológica”&nbsp;Ponente: Pbro Tarcisio Gaitán, Profesor de la Universidad Pontificia BolivarianaHora: 8:00 amEnlace:&nbsp;<a href="https://ucm-co.zoom.us/j/5988691827?pwd=Q3IvMVkzUllrRERKWlczaHNZTkxhUT09">https://ucm-co.zoom.us/j/5988691827?pwd=Q3IvMVkzUllrRERKWlczaHNZTkxhUT09</a>&nbsp;</td></tr><tr><td>28 de septiembre</td><td>Visitas pastorales a las dependencias UCMHora: 8:00 am – 12:00 m</td></tr><tr><td>29 de septiembre</td><td>Eucaristía&nbsp;Enlace: https://ucm-co.zoom.us/j/5988691827?pwd=Q3IvMVkzUllrRERKWlczaHNZTkxhUT09</td></tr><tr><td>30 de septiembre</td><td>Panel: “el llamado de Dios y la Fraternidad”Organiza: Nodo Eje Cafetero de la RUCCHora: 6:00 pm – 7:00 pmLugar: Auditorio Santo Domingo de GuzmánTransmisión: https://ucm-co.zoom.us/j/88232419298</td></tr><tr><td>01 de octubre</td><td>Lectio Divina&nbsp;Hna. Elizabeth CaicedoHora: 7:00pmEnlace:&nbsp;<a href="https://ucm-co.zoom.us/j/5988691827?pwd=Q3IvMVkzUllrRERKWlczaHNZTkxhUT09">https://ucm-co.zoom.us/j/5988691827?pwd=Q3IvMVkzUllrRERKWlczaHNZTkxhUT09</a></td></tr></tbody></table></figure>



<p class="wp-block-paragraph"></p>

<p>Fecha Actividad 27 de septiembre Taller “Fundamentos Bíblicos de la Conversión ecológica”&nbsp;Ponente: Pbro Tarcisio Gaitán, Profesor de la Universidad Pontificia BolivarianaHora: 8:00 amEnlace:&nbsp;https://ucm-co.zoom.us/j/5988691827?pwd=Q3IvMVkzUllrRERKWlczaHNZTkxhUT09&nbsp; 28 de septiembre Visitas pastorales a las [&hellip;]</p>

<!-- This site is optimized with the Yoast SEO plugin v28.1 - https://yoast.com/product/yoast-seo-wordpress/ -->
<title>Cronograma - UCM - Universidad Católica de Manizales</title>
<meta name="robots" content="index, follow, max-snippet:-1, max-image-preview:large, max-video-preview:-1" />
<link rel="canonical" href="https://www.ucm.edu.co/en/semana-biblica-la-biblia-y-la-creacion/cronograma/" />
<meta property="og:locale" content="en_US" />
<meta property="og:type" content="article" />
<meta property="og:title" content="Cronograma - UCM - Universidad Católica de Manizales" />
<meta property="og:description" content="Fecha Actividad 27 de septiembre Taller “Fundamentos Bíblicos de la Conversión ecológica”&nbsp;Ponente: Pbro Tarcisio Gaitán, Profesor de la Universidad Pontificia BolivarianaHora: 8:00 amEnlace:&nbsp;https://ucm-co.zoom.us/j/5988691827?pwd=Q3IvMVkzUllrRERKWlczaHNZTkxhUT09&nbsp; 28 de septiembre Visitas pastorales a las [&hellip;]" />
<meta property="og:url" content="https://www.ucm.edu.co/en/semana-biblica-la-biblia-y-la-creacion/cronograma/" />
<meta property="og:site_name" content="UCM - Universidad Católica de Manizales" />
<meta property="article:publisher" content="https://www.facebook.com/ucatolicamanizales" />
<meta property="article:modified_time" content="2021-09-17T13:29:55+00:00" />
<meta name="twitter:card" content="summary_large_image" />
<meta name="twitter:site" content="@ucm_manizales" />
<meta name="twitter:label1" content="Est. reading time" />
	<meta name="twitter:data1" content="1 minute" />
<script type="application/ld+json" class="yoast-schema-graph">{"@context":"https:\/\/schema.org","@graph":[{"@type":"WebPage","@id":"https:\/\/www.ucm.edu.co\/semana-biblica-la-biblia-y-la-creacion\/cronograma\/","url":"https:\/\/www.ucm.edu.co\/semana-biblica-la-biblia-y-la-creacion\/cronograma\/","name":"Cronograma - UCM - Universidad Católica de Manizales","isPartOf":{"@id":"https:\/\/www.ucm.edu.co\/#website"},"datePublished":"2021-09-17T13:22:46+00:00","dateModified":"2021-09-17T13:29:55+00:00","breadcrumb":{"@id":"https:\/\/www.ucm.edu.co\/semana-biblica-la-biblia-y-la-creacion\/cronograma\/#breadcrumb"},"inLanguage":"en-US","potentialAction":[{"@type":"ReadAction","target":["https:\/\/www.ucm.edu.co\/semana-biblica-la-biblia-y-la-creacion\/cronograma\/"]}]},{"@type":"BreadcrumbList","@id":"https:\/\/www.ucm.edu.co\/semana-biblica-la-biblia-y-la-creacion\/cronograma\/#breadcrumb","itemListElement":[{"@type":"ListItem","position":1,"name":"Portada","item":"https:\/\/www.ucm.edu.co\/"},{"@type":"ListItem","position":2,"name":"Semana Bíblica, La Biblia y la creación","item":"https:\/\/www.ucm.edu.co\/semana-biblica-la-biblia-y-la-creacion\/"},{"@type":"ListItem","position":3,"name":"Cronograma"}]},{"@type":"WebSite","@id":"https:\/\/www.ucm.edu.co\/#website","url":"https:\/\/www.ucm.edu.co\/","name":"UCM - Universidad Católica de Manizales","description":"Ven a ser quien quieres ser","publisher":{"@id":"https:\/\/www.ucm.edu.co\/#organization"},"alternateName":"UCM","potentialAction":[{"@type":"SearchAction","target":{"@type":"EntryPoint","urlTemplate":"https:\/\/www.ucm.edu.co\/?s={search_term_string}"},"query-input":{"@type":"PropertyValueSpecification","valueRequired":true,"valueName":"search_term_string"}}],"inLanguage":"en-US"},{"@type":"Organization","@id":"https:\/\/www.ucm.edu.co\/#organization","name":"Universidad Católica de Manizales","alternateName":"UCM","url":"https:\/\/www.ucm.edu.co\/","logo":{"@type":"ImageObject","inLanguage":"en-US","@id":"https:\/\/www.ucm.edu.co\/#\/schema\/logo\/image\/","url":"https:\/\/www.ucm.edu.co\/wp-content\/uploads\/2021\/03\/favicon_ucm.png","contentUrl":"https:\/\/www.ucm.edu.co\/wp-content\/uploads\/2021\/03\/favicon_ucm.png","width":512,"height":512,"caption":"Universidad Católica de Manizales"},"image":{"@id":"https:\/\/www.ucm.edu.co\/#\/schema\/logo\/image\/"},"sameAs":["https:\/\/www.facebook.com\/ucatolicamanizales","https:\/\/x.com\/ucm_manizales","https:\/\/www.instagram.com\/ucatolicamanizales\/","https:\/\/co.linkedin.com\/school\/ucatolicamanizales\/","https:\/\/www.youtube.com\/user\/UCMtelevision"]}]}</script>
<!-- / Yoast SEO plugin. -->

Cronograma - UCM - Universidad Católica de Manizales

Fecha Actividad 27 de septiembre Taller “Fundamentos Bíblicos de la Conversión ecológica”&nbsp;Ponente: Pbro Tarcisio Gaitán, Profesor de la Universidad Pontificia BolivarianaHora: 8:00 amEnlace:&nbsp;https://ucm-co.zoom.us/j/5988691827?pwd=Q3IvMVkzUllrRERKWlczaHNZTkxhUT09&nbsp; 28 de septiembre Visitas pastorales a las [&hellip;]

UCM - Universidad Católica de Manizales

Semana Bíblica, La Biblia y la creación

Universidad Católica de Manizales
