{"id":1200,"date":"2021-02-26T04:43:13","date_gmt":"2021-02-26T04:43:13","guid":{"rendered":"https:\/\/www.ucm.edu.co\/?post_type=grupo_inv&#038;p=1200"},"modified":"2023-11-15T16:56:28","modified_gmt":"2023-11-15T21:56:28","slug":"grupo-de-investigacion-alfa","status":"publish","type":"grupo_inv","link":"https:\/\/www.ucm.edu.co\/en\/grupo_inv\/grupo-de-investigacion-alfa\/","title":{"rendered":"Research Group Alfa"},"content":{"rendered":"<p>ALFA: Education, Democracy, Pedagogy and Local Development is an academic community recognized by Minciencias, formerly known as Colciencias, since 1997. It places its fields and problems of interest in the field of human and social sciences. Its main research interest is Education as a process, practice, policy and scenario. Its approach, understanding, transformation and empowerment privileges an interdisciplinary research perspective focused on open, critical and complex rationality and on the recognition and use of diverse methodologies.  Currently, the Group articulates its process of generation, use and circulation of knowledge from 5 Lines of Research: Education and Democracy, Pedagogy and Curriculum, Education and Human Development, Education, Interaction and Subjectivities and Education\/Complex Thought\/Emerging Humanisms.<\/p>","protected":false},"excerpt":{"rendered":"<p>ALFA: Educaci\u00f3n, Democracia, Pedagog\u00eda y Desarrollo Local es una comunidad acad\u00e9mica reconocida por Minciencias, conocido antes como Colciencias, desde el a\u00f1o 1997. Sit\u00faa sus campos y problemas de inter\u00e9s en [&hellip;]<\/p>\n","protected":false},"featured_media":1790,"parent":0,"menu_order":65,"template":"","areas_conocimiento":[695],"class_list":["post-1200","grupo_inv","type-grupo_inv","status-publish","has-post-thumbnail","hentry","area_conocimiento-educacion"],"yoast_head":"<!-- This site is optimized with the Yoast SEO plugin v27.4 - https:\/\/yoast.com\/product\/yoast-seo-wordpress\/ -->\n<title>Grupo de Investigaci\u00f3n Alfa - UCM - Universidad Cat\u00f3lica de Manizales<\/title>\n<meta name=\"robots\" content=\"index, follow, max-snippet:-1, max-image-preview:large, max-video-preview:-1\" \/>\n<link rel=\"canonical\" href=\"https:\/\/www.ucm.edu.co\/en\/grupo_inv\/grupo-de-investigacion-alfa\/\" \/>\n<meta property=\"og:locale\" content=\"en_US\" \/>\n<meta property=\"og:type\" content=\"article\" \/>\n<meta property=\"og:title\" content=\"Grupo de Investigaci\u00f3n Alfa - UCM - Universidad Cat\u00f3lica de Manizales\" \/>\n<meta property=\"og:description\" content=\"ALFA: Educaci\u00f3n, Democracia, Pedagog\u00eda y Desarrollo Local es una comunidad acad\u00e9mica reconocida por Minciencias, conocido antes como Colciencias, desde el a\u00f1o 1997. Sit\u00faa sus campos y problemas de inter\u00e9s en [&hellip;]\" \/>\n<meta property=\"og:url\" content=\"https:\/\/www.ucm.edu.co\/en\/grupo_inv\/grupo-de-investigacion-alfa\/\" \/>\n<meta property=\"og:site_name\" content=\"UCM - Universidad Cat\u00f3lica de Manizales\" \/>\n<meta property=\"article:publisher\" content=\"https:\/\/www.facebook.com\/ucatolicamanizales\" \/>\n<meta property=\"article:modified_time\" content=\"2023-11-15T21:56:28+00:00\" \/>\n<meta property=\"og:image\" content=\"https:\/\/www.ucm.edu.co\/wp-content\/uploads\/2021\/02\/alfa.jpg\" \/>\n\t<meta property=\"og:image:width\" content=\"1500\" \/>\n\t<meta property=\"og:image:height\" content=\"480\" \/>\n\t<meta property=\"og:image:type\" content=\"image\/jpeg\" \/>\n<meta name=\"twitter:card\" content=\"summary_large_image\" \/>\n<meta name=\"twitter:site\" content=\"@ucm_manizales\" \/>\n<meta name=\"twitter:label1\" content=\"Est. reading time\" \/>\n\t<meta name=\"twitter:data1\" content=\"1 minute\" \/>\n<script type=\"application\/ld+json\" class=\"yoast-schema-graph\">{\"@context\":\"https:\\\/\\\/schema.org\",\"@graph\":[{\"@type\":\"WebPage\",\"@id\":\"https:\\\/\\\/www.ucm.edu.co\\\/grupo_inv\\\/grupo-de-investigacion-alfa\\\/\",\"url\":\"https:\\\/\\\/www.ucm.edu.co\\\/grupo_inv\\\/grupo-de-investigacion-alfa\\\/\",\"name\":\"Grupo de Investigaci\u00f3n Alfa - UCM - Universidad Cat\u00f3lica de Manizales\",\"isPartOf\":{\"@id\":\"https:\\\/\\\/www.ucm.edu.co\\\/#website\"},\"primaryImageOfPage\":{\"@id\":\"https:\\\/\\\/www.ucm.edu.co\\\/grupo_inv\\\/grupo-de-investigacion-alfa\\\/#primaryimage\"},\"image\":{\"@id\":\"https:\\\/\\\/www.ucm.edu.co\\\/grupo_inv\\\/grupo-de-investigacion-alfa\\\/#primaryimage\"},\"thumbnailUrl\":\"https:\\\/\\\/www.ucm.edu.co\\\/wp-content\\\/uploads\\\/2021\\\/02\\\/alfa.jpg\",\"datePublished\":\"2021-02-26T04:43:13+00:00\",\"dateModified\":\"2023-11-15T21:56:28+00:00\",\"breadcrumb\":{\"@id\":\"https:\\\/\\\/www.ucm.edu.co\\\/grupo_inv\\\/grupo-de-investigacion-alfa\\\/#breadcrumb\"},\"inLanguage\":\"en-US\",\"potentialAction\":[{\"@type\":\"ReadAction\",\"target\":[\"https:\\\/\\\/www.ucm.edu.co\\\/grupo_inv\\\/grupo-de-investigacion-alfa\\\/\"]}]},{\"@type\":\"ImageObject\",\"inLanguage\":\"en-US\",\"@id\":\"https:\\\/\\\/www.ucm.edu.co\\\/grupo_inv\\\/grupo-de-investigacion-alfa\\\/#primaryimage\",\"url\":\"https:\\\/\\\/www.ucm.edu.co\\\/wp-content\\\/uploads\\\/2021\\\/02\\\/alfa.jpg\",\"contentUrl\":\"https:\\\/\\\/www.ucm.edu.co\\\/wp-content\\\/uploads\\\/2021\\\/02\\\/alfa.jpg\",\"width\":1500,\"height\":480},{\"@type\":\"BreadcrumbList\",\"@id\":\"https:\\\/\\\/www.ucm.edu.co\\\/grupo_inv\\\/grupo-de-investigacion-alfa\\\/#breadcrumb\",\"itemListElement\":[{\"@type\":\"ListItem\",\"position\":1,\"name\":\"Portada\",\"item\":\"https:\\\/\\\/www.ucm.edu.co\\\/\"},{\"@type\":\"ListItem\",\"position\":2,\"name\":\"Investigation Groups\",\"item\":\"https:\\\/\\\/www.ucm.edu.co\\\/en\\\/grupo_inv\\\/\"},{\"@type\":\"ListItem\",\"position\":3,\"name\":\"Grupo de Investigaci\u00f3n Alfa\"}]},{\"@type\":\"WebSite\",\"@id\":\"https:\\\/\\\/www.ucm.edu.co\\\/#website\",\"url\":\"https:\\\/\\\/www.ucm.edu.co\\\/\",\"name\":\"UCM - Universidad Cat\u00f3lica de Manizales\",\"description\":\"Ven a ser quien quieres ser\",\"publisher\":{\"@id\":\"https:\\\/\\\/www.ucm.edu.co\\\/#organization\"},\"alternateName\":\"UCM\",\"potentialAction\":[{\"@type\":\"SearchAction\",\"target\":{\"@type\":\"EntryPoint\",\"urlTemplate\":\"https:\\\/\\\/www.ucm.edu.co\\\/?s={search_term_string}\"},\"query-input\":{\"@type\":\"PropertyValueSpecification\",\"valueRequired\":true,\"valueName\":\"search_term_string\"}}],\"inLanguage\":\"en-US\"},{\"@type\":\"Organization\",\"@id\":\"https:\\\/\\\/www.ucm.edu.co\\\/#organization\",\"name\":\"Universidad Cat\u00f3lica de Manizales\",\"alternateName\":\"UCM\",\"url\":\"https:\\\/\\\/www.ucm.edu.co\\\/\",\"logo\":{\"@type\":\"ImageObject\",\"inLanguage\":\"en-US\",\"@id\":\"https:\\\/\\\/www.ucm.edu.co\\\/#\\\/schema\\\/logo\\\/image\\\/\",\"url\":\"https:\\\/\\\/www.ucm.edu.co\\\/wp-content\\\/uploads\\\/2021\\\/03\\\/favicon_ucm.png\",\"contentUrl\":\"https:\\\/\\\/www.ucm.edu.co\\\/wp-content\\\/uploads\\\/2021\\\/03\\\/favicon_ucm.png\",\"width\":512,\"height\":512,\"caption\":\"Universidad Cat\u00f3lica de Manizales\"},\"image\":{\"@id\":\"https:\\\/\\\/www.ucm.edu.co\\\/#\\\/schema\\\/logo\\\/image\\\/\"},\"sameAs\":[\"https:\\\/\\\/www.facebook.com\\\/ucatolicamanizales\",\"https:\\\/\\\/x.com\\\/ucm_manizales\",\"https:\\\/\\\/www.instagram.com\\\/ucatolicamanizales\\\/\",\"https:\\\/\\\/co.linkedin.com\\\/school\\\/ucatolicamanizales\\\/\",\"https:\\\/\\\/www.youtube.com\\\/user\\\/UCMtelevision\"]}]}<\/script>\n<!-- \/ Yoast SEO plugin. -->","yoast_head_json":{"title":"Grupo de Investigaci\u00f3n Alfa - UCM - Universidad Cat\u00f3lica de Manizales","robots":{"index":"index","follow":"follow","max-snippet":"max-snippet:-1","max-image-preview":"max-image-preview:large","max-video-preview":"max-video-preview:-1"},"canonical":"https:\/\/www.ucm.edu.co\/en\/grupo_inv\/grupo-de-investigacion-alfa\/","og_locale":"en_US","og_type":"article","og_title":"Grupo de Investigaci\u00f3n Alfa - UCM - Universidad Cat\u00f3lica de Manizales","og_description":"ALFA: Educaci\u00f3n, Democracia, Pedagog\u00eda y Desarrollo Local es una comunidad acad\u00e9mica reconocida por Minciencias, conocido antes como Colciencias, desde el a\u00f1o 1997. Sit\u00faa sus campos y problemas de inter\u00e9s en [&hellip;]","og_url":"https:\/\/www.ucm.edu.co\/en\/grupo_inv\/grupo-de-investigacion-alfa\/","og_site_name":"UCM - Universidad Cat\u00f3lica de Manizales","article_publisher":"https:\/\/www.facebook.com\/ucatolicamanizales","article_modified_time":"2023-11-15T21:56:28+00:00","og_image":[{"width":1500,"height":480,"url":"https:\/\/www.ucm.edu.co\/wp-content\/uploads\/2021\/02\/alfa.jpg","type":"image\/jpeg"}],"twitter_card":"summary_large_image","twitter_site":"@ucm_manizales","twitter_misc":{"Est. reading time":"1 minute"},"schema":{"@context":"https:\/\/schema.org","@graph":[{"@type":"WebPage","@id":"https:\/\/www.ucm.edu.co\/grupo_inv\/grupo-de-investigacion-alfa\/","url":"https:\/\/www.ucm.edu.co\/grupo_inv\/grupo-de-investigacion-alfa\/","name":"Grupo de Investigaci\u00f3n Alfa - UCM - Universidad Cat\u00f3lica de Manizales","isPartOf":{"@id":"https:\/\/www.ucm.edu.co\/#website"},"primaryImageOfPage":{"@id":"https:\/\/www.ucm.edu.co\/grupo_inv\/grupo-de-investigacion-alfa\/#primaryimage"},"image":{"@id":"https:\/\/www.ucm.edu.co\/grupo_inv\/grupo-de-investigacion-alfa\/#primaryimage"},"thumbnailUrl":"https:\/\/www.ucm.edu.co\/wp-content\/uploads\/2021\/02\/alfa.jpg","datePublished":"2021-02-26T04:43:13+00:00","dateModified":"2023-11-15T21:56:28+00:00","breadcrumb":{"@id":"https:\/\/www.ucm.edu.co\/grupo_inv\/grupo-de-investigacion-alfa\/#breadcrumb"},"inLanguage":"en-US","potentialAction":[{"@type":"ReadAction","target":["https:\/\/www.ucm.edu.co\/grupo_inv\/grupo-de-investigacion-alfa\/"]}]},{"@type":"ImageObject","inLanguage":"en-US","@id":"https:\/\/www.ucm.edu.co\/grupo_inv\/grupo-de-investigacion-alfa\/#primaryimage","url":"https:\/\/www.ucm.edu.co\/wp-content\/uploads\/2021\/02\/alfa.jpg","contentUrl":"https:\/\/www.ucm.edu.co\/wp-content\/uploads\/2021\/02\/alfa.jpg","width":1500,"height":480},{"@type":"BreadcrumbList","@id":"https:\/\/www.ucm.edu.co\/grupo_inv\/grupo-de-investigacion-alfa\/#breadcrumb","itemListElement":[{"@type":"ListItem","position":1,"name":"Portada","item":"https:\/\/www.ucm.edu.co\/"},{"@type":"ListItem","position":2,"name":"Investigation Groups","item":"https:\/\/www.ucm.edu.co\/en\/grupo_inv\/"},{"@type":"ListItem","position":3,"name":"Grupo de Investigaci\u00f3n Alfa"}]},{"@type":"WebSite","@id":"https:\/\/www.ucm.edu.co\/#website","url":"https:\/\/www.ucm.edu.co\/","name":"UCM - Universidad Cat\u00f3lica de Manizales","description":"Ven a ser quien quieres ser","publisher":{"@id":"https:\/\/www.ucm.edu.co\/#organization"},"alternateName":"UCM","potentialAction":[{"@type":"SearchAction","target":{"@type":"EntryPoint","urlTemplate":"https:\/\/www.ucm.edu.co\/?s={search_term_string}"},"query-input":{"@type":"PropertyValueSpecification","valueRequired":true,"valueName":"search_term_string"}}],"inLanguage":"en-US"},{"@type":"Organization","@id":"https:\/\/www.ucm.edu.co\/#organization","name":"Universidad Cat\u00f3lica de Manizales","alternateName":"UCM","url":"https:\/\/www.ucm.edu.co\/","logo":{"@type":"ImageObject","inLanguage":"en-US","@id":"https:\/\/www.ucm.edu.co\/#\/schema\/logo\/image\/","url":"https:\/\/www.ucm.edu.co\/wp-content\/uploads\/2021\/03\/favicon_ucm.png","contentUrl":"https:\/\/www.ucm.edu.co\/wp-content\/uploads\/2021\/03\/favicon_ucm.png","width":512,"height":512,"caption":"Universidad Cat\u00f3lica de Manizales"},"image":{"@id":"https:\/\/www.ucm.edu.co\/#\/schema\/logo\/image\/"},"sameAs":["https:\/\/www.facebook.com\/ucatolicamanizales","https:\/\/x.com\/ucm_manizales","https:\/\/www.instagram.com\/ucatolicamanizales\/","https:\/\/co.linkedin.com\/school\/ucatolicamanizales\/","https:\/\/www.youtube.com\/user\/UCMtelevision"]}]}},"_links":{"self":[{"href":"https:\/\/www.ucm.edu.co\/en\/wp-json\/wp\/v2\/gruposinvestigacion\/1200","targetHints":{"allow":["GET"]}}],"collection":[{"href":"https:\/\/www.ucm.edu.co\/en\/wp-json\/wp\/v2\/gruposinvestigacion"}],"about":[{"href":"https:\/\/www.ucm.edu.co\/en\/wp-json\/wp\/v2\/types\/grupo_inv"}],"wp:featuredmedia":[{"embeddable":true,"href":"https:\/\/www.ucm.edu.co\/en\/wp-json\/wp\/v2\/media\/1790"}],"wp:attachment":[{"href":"https:\/\/www.ucm.edu.co\/en\/wp-json\/wp\/v2\/media?parent=1200"}],"wp:term":[{"taxonomy":"area_conocimiento","embeddable":true,"href":"https:\/\/www.ucm.edu.co\/en\/wp-json\/wp\/v2\/areas_conocimiento?post=1200"}],"curies":[{"name":"wp","href":"https:\/\/api.w.org\/{rel}","templated":true}]}}

<p>ALFA: Educación, Democracia, Pedagogía y Desarrollo Local es una comunidad académica reconocida por Minciencias, conocido antes como Colciencias, desde el año 1997. Sitúa sus campos y problemas de interés en [&hellip;]</p>

<!-- This site is optimized with the Yoast SEO plugin v27.4 - https://yoast.com/product/yoast-seo-wordpress/ -->
<title>Grupo de Investigación Alfa - UCM - Universidad Católica de Manizales</title>
<meta name="robots" content="index, follow, max-snippet:-1, max-image-preview:large, max-video-preview:-1" />
<link rel="canonical" href="https://www.ucm.edu.co/en/grupo_inv/grupo-de-investigacion-alfa/" />
<meta property="og:locale" content="en_US" />
<meta property="og:type" content="article" />
<meta property="og:title" content="Grupo de Investigación Alfa - UCM - Universidad Católica de Manizales" />
<meta property="og:description" content="ALFA: Educación, Democracia, Pedagogía y Desarrollo Local es una comunidad académica reconocida por Minciencias, conocido antes como Colciencias, desde el año 1997. Sitúa sus campos y problemas de interés en [&hellip;]" />
<meta property="og:url" content="https://www.ucm.edu.co/en/grupo_inv/grupo-de-investigacion-alfa/" />
<meta property="og:site_name" content="UCM - Universidad Católica de Manizales" />
<meta property="article:publisher" content="https://www.facebook.com/ucatolicamanizales" />
<meta property="article:modified_time" content="2023-11-15T21:56:28+00:00" />
<meta property="og:image" content="https://www.ucm.edu.co/wp-content/uploads/2021/02/alfa.jpg" />
	<meta property="og:image:width" content="1500" />
	<meta property="og:image:height" content="480" />
	<meta property="og:image:type" content="image/jpeg" />
<meta name="twitter:card" content="summary_large_image" />
<meta name="twitter:site" content="@ucm_manizales" />
<meta name="twitter:label1" content="Est. reading time" />
	<meta name="twitter:data1" content="1 minute" />
<script type="application/ld+json" class="yoast-schema-graph">{"@context":"https:\/\/schema.org","@graph":[{"@type":"WebPage","@id":"https:\/\/www.ucm.edu.co\/grupo_inv\/grupo-de-investigacion-alfa\/","url":"https:\/\/www.ucm.edu.co\/grupo_inv\/grupo-de-investigacion-alfa\/","name":"Grupo de Investigación Alfa - UCM - Universidad Católica de Manizales","isPartOf":{"@id":"https:\/\/www.ucm.edu.co\/#website"},"primaryImageOfPage":{"@id":"https:\/\/www.ucm.edu.co\/grupo_inv\/grupo-de-investigacion-alfa\/#primaryimage"},"image":{"@id":"https:\/\/www.ucm.edu.co\/grupo_inv\/grupo-de-investigacion-alfa\/#primaryimage"},"thumbnailUrl":"https:\/\/www.ucm.edu.co\/wp-content\/uploads\/2021\/02\/alfa.jpg","datePublished":"2021-02-26T04:43:13+00:00","dateModified":"2023-11-15T21:56:28+00:00","breadcrumb":{"@id":"https:\/\/www.ucm.edu.co\/grupo_inv\/grupo-de-investigacion-alfa\/#breadcrumb"},"inLanguage":"en-US","potentialAction":[{"@type":"ReadAction","target":["https:\/\/www.ucm.edu.co\/grupo_inv\/grupo-de-investigacion-alfa\/"]}]},{"@type":"ImageObject","inLanguage":"en-US","@id":"https:\/\/www.ucm.edu.co\/grupo_inv\/grupo-de-investigacion-alfa\/#primaryimage","url":"https:\/\/www.ucm.edu.co\/wp-content\/uploads\/2021\/02\/alfa.jpg","contentUrl":"https:\/\/www.ucm.edu.co\/wp-content\/uploads\/2021\/02\/alfa.jpg","width":1500,"height":480},{"@type":"BreadcrumbList","@id":"https:\/\/www.ucm.edu.co\/grupo_inv\/grupo-de-investigacion-alfa\/#breadcrumb","itemListElement":[{"@type":"ListItem","position":1,"name":"Portada","item":"https:\/\/www.ucm.edu.co\/"},{"@type":"ListItem","position":2,"name":"Investigation Groups","item":"https:\/\/www.ucm.edu.co\/en\/grupo_inv\/"},{"@type":"ListItem","position":3,"name":"Grupo de Investigación Alfa"}]},{"@type":"WebSite","@id":"https:\/\/www.ucm.edu.co\/#website","url":"https:\/\/www.ucm.edu.co\/","name":"UCM - Universidad Católica de Manizales","description":"Ven a ser quien quieres ser","publisher":{"@id":"https:\/\/www.ucm.edu.co\/#organization"},"alternateName":"UCM","potentialAction":[{"@type":"SearchAction","target":{"@type":"EntryPoint","urlTemplate":"https:\/\/www.ucm.edu.co\/?s={search_term_string}"},"query-input":{"@type":"PropertyValueSpecification","valueRequired":true,"valueName":"search_term_string"}}],"inLanguage":"en-US"},{"@type":"Organization","@id":"https:\/\/www.ucm.edu.co\/#organization","name":"Universidad Católica de Manizales","alternateName":"UCM","url":"https:\/\/www.ucm.edu.co\/","logo":{"@type":"ImageObject","inLanguage":"en-US","@id":"https:\/\/www.ucm.edu.co\/#\/schema\/logo\/image\/","url":"https:\/\/www.ucm.edu.co\/wp-content\/uploads\/2021\/03\/favicon_ucm.png","contentUrl":"https:\/\/www.ucm.edu.co\/wp-content\/uploads\/2021\/03\/favicon_ucm.png","width":512,"height":512,"caption":"Universidad Católica de Manizales"},"image":{"@id":"https:\/\/www.ucm.edu.co\/#\/schema\/logo\/image\/"},"sameAs":["https:\/\/www.facebook.com\/ucatolicamanizales","https:\/\/x.com\/ucm_manizales","https:\/\/www.instagram.com\/ucatolicamanizales\/","https:\/\/co.linkedin.com\/school\/ucatolicamanizales\/","https:\/\/www.youtube.com\/user\/UCMtelevision"]}]}</script>
<!-- / Yoast SEO plugin. -->

Grupo de Investigación Alfa - UCM - Universidad Católica de Manizales

ALFA: Educación, Democracia, Pedagogía y Desarrollo Local es una comunidad académica reconocida por Minciencias, conocido antes como Colciencias, desde el año 1997. Sitúa sus campos y problemas de interés en [&hellip;]

UCM - Universidad Católica de Manizales

Grupo de Investigación Alfa

Universidad Católica de Manizales
